CRAN Package Check Results for Package ashr

Last updated on 2020-09-22 16:02:22 CEST.

Flavor Version Tinstall Tcheck Ttotal Status Flags
r-devel-linux-x86_64-debian-clang 2.2-47 27.42 214.89 242.31 OK
r-devel-linux-x86_64-debian-gcc 2.2-47 24.03 141.31 165.34 OK
r-devel-linux-x86_64-fedora-clang 2.2-47 279.46 OK
r-devel-linux-x86_64-fedora-gcc 2.2-47 260.71 OK
r-devel-windows-ix86+x86_64 2.2-47 69.00 340.00 409.00 OK
r-patched-linux-x86_64 2.2-47 28.79 185.90 214.69 OK
r-patched-solaris-x86 2.2-47 385.30 NOTE
r-release-linux-x86_64 2.2-47 25.56 188.53 214.09 OK
r-release-macos-x86_64 2.2-47 OK
r-release-windows-ix86+x86_64 2.2-47 67.00 381.00 448.00 OK
r-oldrel-macos-x86_64 2.2-47 OK
r-oldrel-windows-ix86+x86_64 2.2-47 46.00 380.00 426.00 NOTE

Check Details

Version: 2.2-47
Check: package dependencies
Result: NOTE
    Package suggested but not available for checking: ‘REBayes’
Flavors: r-patched-solaris-x86, r-oldrel-windows-ix86+x86_64