CRAN Package Check Results for Package ash

Last updated on 2020-09-21 16:06:57 CEST.

Flavor Version Tinstall Tcheck Ttotal Status Flags
r-devel-linux-x86_64-debian-clang 1.0-15 2.77 17.94 20.71 OK
r-devel-linux-x86_64-debian-gcc 1.0-15 2.14 14.23 16.37 OK
r-devel-linux-x86_64-fedora-clang 1.0-15 34.88 NOTE
r-devel-linux-x86_64-fedora-gcc 1.0-15 25.30 NOTE
r-devel-windows-ix86+x86_64 1.0-15 8.00 34.00 42.00 OK
r-patched-linux-x86_64 1.0-15 2.55 17.61 20.16 OK
r-patched-solaris-x86 1.0-15 38.60 OK
r-release-linux-x86_64 1.0-15 2.66 17.63 20.29 OK
r-release-macos-x86_64 1.0-15 OK
r-release-windows-ix86+x86_64 1.0-15 10.00 33.00 43.00 OK
r-oldrel-macos-x86_64 1.0-15 OK
r-oldrel-windows-ix86+x86_64 1.0-15 8.00 42.00 50.00 OK

Check Details

Version: 1.0-15
Check: compiled code
Result: NOTE
    File ‘ash/libs/ash.so’:
     Found no calls to: ‘R_registerRoutines’, ‘R_useDynamicSymbols’
    
    It is good practice to register native routines and to disable symbol
    search.
    
    See ‘Writing portable packages’ in the ‘Writing R Extensions’ manual.
Flavors: r-devel-linux-x86_64-fedora-clang, r-devel-linux-x86_64-fedora-gcc