CRAN Package Check Results for Package arules

Last updated on 2020-09-22 16:02:22 CEST.

Flavor Version Tinstall Tcheck Ttotal Status Flags
r-devel-linux-x86_64-debian-clang 1.6-6 30.48 151.99 182.47 OK
r-devel-linux-x86_64-debian-gcc 1.6-6 21.47 118.39 139.86 OK
r-devel-linux-x86_64-fedora-clang 1.6-6 238.20 NOTE
r-devel-linux-x86_64-fedora-gcc 1.6-6 234.80 OK
r-devel-windows-ix86+x86_64 1.6-6 61.00 237.00 298.00 OK
r-patched-linux-x86_64 1.6-6 23.29 146.85 170.14 OK
r-patched-solaris-x86 1.6-6 297.30 OK
r-release-linux-x86_64 1.6-6 24.49 147.44 171.93 OK
r-release-macos-x86_64 1.6-6 OK
r-release-windows-ix86+x86_64 1.6-6 61.00 238.00 299.00 OK
r-oldrel-macos-x86_64 1.6-6 OK
r-oldrel-windows-ix86+x86_64 1.6-6 45.00 258.00 303.00 OK

Check Details

Version: 1.6-6
Check: Rd cross-references
Result: NOTE
    Undeclared package ‘arulesCBA’ in Rd xrefs
Flavor: r-devel-linux-x86_64-fedora-clang