Last updated on 2023-02-08 15:52:34 CET.
Flavor | Version | Tinstall | Tcheck | Ttotal | Status | Flags |
---|---|---|---|---|---|---|
r-devel-linux-x86_64-debian-clang | 0.1.0 | 2.21 | 26.16 | 28.37 | OK | |
r-devel-linux-x86_64-debian-gcc | 0.1.0 | 1.82 | 20.34 | 22.16 | OK | |
r-devel-linux-x86_64-fedora-clang | 0.1.0 | 35.91 | NOTE | |||
r-devel-linux-x86_64-fedora-gcc | 0.1.0 | 34.11 | NOTE | |||
r-devel-windows-x86_64 | 0.1.0 | 23.00 | 56.00 | 79.00 | OK | |
r-patched-linux-x86_64 | 0.1.0 | 1.88 | 26.07 | 27.95 | OK | |
r-release-linux-x86_64 | 0.1.0 | 2.22 | 25.97 | 28.19 | OK | |
r-release-macos-arm64 | 0.1.0 | 24.00 | NOTE | |||
r-release-macos-x86_64 | 0.1.0 | 24.00 | NOTE | |||
r-release-windows-x86_64 | 0.1.0 | 9.00 | 58.00 | 67.00 | OK | |
r-oldrel-macos-arm64 | 0.1.0 | 23.00 | NOTE | |||
r-oldrel-macos-x86_64 | 0.1.0 | 25.00 | NOTE | |||
r-oldrel-windows-ix86+x86_64 | 0.1.0 | 6.00 | 52.00 | 58.00 | OK |
Version: 0.1.0
Check: data for non-ASCII characters
Result: NOTE
Note: found 1409 marked UTF-8 strings
Flavors: r-devel-linux-x86_64-fedora-clang, r-devel-linux-x86_64-fedora-gcc, r-release-macos-arm64, r-release-macos-x86_64, r-oldrel-macos-arm64, r-oldrel-macos-x86_64