CRAN Package Check Results for Package artfima

Last updated on 2021-09-19 03:50:49 CEST.

Flavor Version Tinstall Tcheck Ttotal Status Flags
r-devel-linux-x86_64-debian-clang 1.5 3.50 37.34 40.84 OK
r-devel-linux-x86_64-debian-gcc 1.5 2.90 27.19 30.09 OK
r-devel-linux-x86_64-fedora-clang 1.5 57.88 OK
r-devel-linux-x86_64-fedora-gcc 1.5 48.41 OK
r-devel-windows-x86_64 1.5 6.00 48.00 54.00 OK
r-devel-windows-x86_64-gcc10-UCRT 1.5 ERROR
r-patched-linux-x86_64 1.5 4.22 36.34 40.56 OK
r-patched-solaris-x86 1.5 70.00 OK
r-release-linux-x86_64 1.5 3.64 36.28 39.92 OK
r-release-macos-arm64 1.5 OK
r-release-macos-x86_64 1.5 OK
r-release-windows-ix86+x86_64 1.5 8.00 54.00 62.00 OK
r-oldrel-macos-x86_64 1.5 OK
r-oldrel-windows-ix86+x86_64 1.5 7.00 50.00 57.00 OK

Check Details

Version: 1.5
Check: whether package can be installed
Result: WARN
    Found the following significant warnings:
     WARNING: installation-time patches will not be applied, could not get the patches index
Flavor: r-devel-windows-x86_64-gcc10-UCRT

Version: 1.5
Check: PDF version of manual
Result: WARN
    LaTeX errors when creating PDF version.
    This typically indicates Rd problems.
Flavor: r-devel-windows-x86_64-gcc10-UCRT

Version: 1.5
Check: PDF version of manual without hyperrefs or index
Result: ERROR
    Re-running with no redirection of stdout/stderr.
Flavor: r-devel-windows-x86_64-gcc10-UCRT