CRAN Package Check Results for Package ars

Last updated on 2020-09-22 03:49:14 CEST.

Flavor Version Tinstall Tcheck Ttotal Status Flags
r-devel-linux-x86_64-debian-clang 0.6 3.28 17.59 20.87 OK
r-devel-linux-x86_64-debian-gcc 0.6 0.25 1.66 1.91 ERROR
r-devel-linux-x86_64-fedora-clang 0.6 36.03 OK
r-devel-linux-x86_64-fedora-gcc 0.6 25.87 OK
r-devel-windows-ix86+x86_64 0.6 11.00 39.00 50.00 OK
r-patched-linux-x86_64 0.6 3.06 17.43 20.49 OK
r-patched-solaris-x86 0.6 46.10 OK
r-release-linux-x86_64 0.6 3.18 17.45 20.63 OK
r-release-macos-x86_64 0.6 OK
r-release-windows-ix86+x86_64 0.6 11.00 39.00 50.00 OK
r-oldrel-macos-x86_64 0.6 OK
r-oldrel-windows-ix86+x86_64 0.6 11.00 51.00 62.00 OK

Check Details

Version: 0.6
Check: whether package can be installed
Result: ERROR
    Installation failed.
Flavor: r-devel-linux-x86_64-debian-gcc