CRAN Package Check Results for Package arrow

Last updated on 2020-09-27 03:46:26 CEST.

Flavor Version Tinstall Tcheck Ttotal Status Flags
r-devel-linux-x86_64-debian-clang 1.0.1 1606.24 93.66 1699.90 OK
r-devel-linux-x86_64-debian-gcc 1.0.1 1136.57 70.87 1207.44 OK
r-devel-linux-x86_64-fedora-clang 1.0.1 2353.79 NOTE
r-devel-linux-x86_64-fedora-gcc 1.0.1 1970.99 OK
r-devel-windows-ix86+x86_64 1.0.1 838.00 251.00 1089.00 NOTE
r-patched-linux-x86_64 1.0.1 1183.16 87.51 1270.67 OK
r-release-linux-x86_64 1.0.1 1192.12 88.58 1280.70 OK
r-release-macos-x86_64 1.0.1 NOTE
r-release-windows-ix86+x86_64 1.0.1 746.00 250.00 996.00 NOTE
r-oldrel-macos-x86_64 1.0.1 NOTE
r-oldrel-windows-ix86+x86_64 1.0.1 809.00 258.00 1067.00 NOTE

Check Details

Version: 1.0.1
Check: installed package size
Result: NOTE
     installed size is 41.4Mb
     sub-directories of 1Mb or more:
     R 3.3Mb
     libs 37.7Mb
Flavors: r-devel-linux-x86_64-fedora-clang, r-devel-windows-ix86+x86_64, r-release-macos-x86_64, r-release-windows-ix86+x86_64, r-oldrel-macos-x86_64, r-oldrel-windows-ix86+x86_64