CRAN Package Check Results for Package aroma.cn

Last updated on 2024-07-22 03:49:11 CEST.

Flavor Version Tinstall Tcheck Ttotal Status Flags
r-devel-linux-x86_64-debian-clang 1.7.1 11.26 92.33 103.59 OK
r-devel-linux-x86_64-debian-gcc 1.7.1 11.44 67.51 78.95 OK
r-devel-linux-x86_64-fedora-clang 1.7.1 129.20 OK
r-devel-linux-x86_64-fedora-gcc 1.7.1 121.99 OK
r-devel-windows-x86_64 1.7.1 14.00 84.00 98.00 OK
r-patched-linux-x86_64 1.7.1 12.80 87.79 100.59 OK
r-release-linux-x86_64 1.7.1 12.64 86.79 99.43 OK
r-release-macos-arm64 1.7.1 35.00 OK
r-release-macos-x86_64 1.7.1 76.00 OK
r-release-windows-x86_64 1.7.1 12.00 84.00 96.00 OK
r-oldrel-macos-arm64 1.7.1 40.00 NOTE
r-oldrel-macos-x86_64 1.7.1 75.00 NOTE
r-oldrel-windows-x86_64 1.7.1 16.00 97.00 113.00 OK

Check Details

Version: 1.7.1
Check: package dependencies
Result: NOTE Package suggested but not available for checking: ‘GLAD’ Flavors: r-oldrel-macos-arm64, r-oldrel-macos-x86_64