CRAN Package Check Results for Package aroma.apd

Last updated on 2020-09-22 16:02:22 CEST.

Flavor Version Tinstall Tcheck Ttotal Status Flags
r-devel-linux-x86_64-debian-clang 0.6.0 2.98 33.40 36.38 OK
r-devel-linux-x86_64-debian-gcc 0.6.0 2.89 27.51 30.40 OK
r-devel-linux-x86_64-fedora-clang 0.6.0 54.96 OK
r-devel-linux-x86_64-fedora-gcc 0.6.0 45.37 OK
r-devel-windows-ix86+x86_64 0.6.0 7.00 45.00 52.00 OK
r-patched-linux-x86_64 0.6.0 3.75 33.67 37.42 OK
r-patched-solaris-x86 0.6.0 69.40 OK
r-release-linux-x86_64 0.6.0 3.64 33.62 37.26 OK
r-release-macos-x86_64 0.6.0 OK
r-release-windows-ix86+x86_64 0.6.0 7.00 47.00 54.00 OK
r-oldrel-macos-x86_64 0.6.0 NOTE
r-oldrel-windows-ix86+x86_64 0.6.0 5.00 54.00 59.00 OK

Check Details

Version: 0.6.0
Check: package dependencies
Result: NOTE
    Package suggested but not available for checking: ‘affxparser’
Flavor: r-oldrel-macos-x86_64

Version: 0.6.0
Check: Rd cross-references
Result: NOTE
    Package unavailable to check Rd xrefs: ‘affxparser’
Flavor: r-oldrel-macos-x86_64