CRAN Package Check Results for Package aroma.affymetrix

Last updated on 2020-09-22 03:49:14 CEST.

Flavor Version Tinstall Tcheck Ttotal Status Flags
r-devel-linux-x86_64-debian-clang 3.2.0 57.39 282.89 340.28 OK
r-devel-linux-x86_64-debian-gcc 3.2.0 1.18 6.35 7.53 ERROR
r-devel-linux-x86_64-fedora-clang 3.2.0 432.78 NOTE
r-devel-linux-x86_64-fedora-gcc 3.2.0 433.23 OK
r-devel-windows-ix86+x86_64 3.2.0 94.00 260.00 354.00 NOTE
r-patched-linux-x86_64 3.2.0 53.51 281.54 335.05 OK
r-patched-solaris-x86 3.2.0 507.40 NOTE
r-release-linux-x86_64 3.2.0 56.88 281.43 338.31 OK
r-release-macos-x86_64 3.2.0 NOTE
r-release-windows-ix86+x86_64 3.2.0 101.00 277.00 378.00 NOTE
r-oldrel-macos-x86_64 3.2.0 NOTE
r-oldrel-windows-ix86+x86_64 3.2.0 60.00 296.00 356.00 NOTE

Check Details

Version: 3.2.0
Check: whether package can be installed
Result: ERROR
    Installation failed.
Flavor: r-devel-linux-x86_64-debian-gcc

Version: 3.2.0
Check: installed package size
Result: NOTE
     installed size is 5.8Mb
     sub-directories of 1Mb or more:
     R 2.3Mb
     help 1.1Mb
     testScripts 1.3Mb
Flavors: r-devel-linux-x86_64-fedora-clang, r-devel-windows-ix86+x86_64, r-patched-solaris-x86, r-release-macos-x86_64, r-release-windows-ix86+x86_64, r-oldrel-macos-x86_64, r-oldrel-windows-ix86+x86_64

Version: 3.2.0
Check: package dependencies
Result: NOTE
    Packages suggested but not available for checking:
     'pdInfoBuilder', 'AffymetrixDataTestFiles'
Flavor: r-release-macos-x86_64

Version: 3.2.0
Check: package dependencies
Result: NOTE
    Package suggested but not available for checking: ‘AffymetrixDataTestFiles’
Flavor: r-oldrel-macos-x86_64