CRAN Package Check Results for Package arnie

Last updated on 2020-09-19 03:49:37 CEST.

Flavor Version Tinstall Tcheck Ttotal Status Flags
r-devel-linux-x86_64-debian-clang 0.1.2 1.78 17.57 19.35 NOTE
r-devel-linux-x86_64-debian-gcc 0.1.2 1.20 14.25 15.45 NOTE
r-devel-linux-x86_64-fedora-clang 0.1.2 34.58 NOTE
r-devel-linux-x86_64-fedora-gcc 0.1.2 23.70 NOTE
r-devel-windows-ix86+x86_64 0.1.2 4.00 30.00 34.00 NOTE
r-patched-linux-x86_64 0.1.2 1.80 17.50 19.30 NOTE
r-patched-solaris-x86 0.1.2 39.30 NOTE
r-release-linux-x86_64 0.1.2 1.67 17.50 19.17 NOTE
r-release-macos-x86_64 0.1.2 NOTE
r-release-windows-ix86+x86_64 0.1.2 4.00 29.00 33.00 NOTE
r-oldrel-macos-x86_64 0.1.2 NOTE
r-oldrel-windows-ix86+x86_64 0.1.2 3.00 38.00 41.00 NOTE

Check Details

Version: 0.1.2
Check: DESCRIPTION meta-information
Result: NOTE
    Malformed Description field: should contain one or more complete sentences.
Flavors: r-devel-linux-x86_64-debian-clang, r-devel-linux-x86_64-debian-gcc, r-devel-linux-x86_64-fedora-clang, r-devel-linux-x86_64-fedora-gcc, r-devel-windows-ix86+x86_64, r-patched-linux-x86_64, r-patched-solaris-x86, r-release-linux-x86_64, r-release-macos-x86_64, r-release-windows-ix86+x86_64, r-oldrel-macos-x86_64, r-oldrel-windows-ix86+x86_64