CRAN Package Check Results for Package armada

Last updated on 2020-09-22 16:02:22 CEST.

Flavor Version Tinstall Tcheck Ttotal Status Flags
r-devel-linux-x86_64-debian-clang 0.1.0 10.09 115.71 125.80 OK
r-devel-linux-x86_64-debian-gcc 0.1.0 8.70 91.26 99.96 OK
r-devel-linux-x86_64-fedora-clang 0.1.0 158.30 NOTE
r-devel-linux-x86_64-fedora-gcc 0.1.0 150.99 NOTE
r-devel-windows-ix86+x86_64 0.1.0 25.00 121.00 146.00 OK
r-patched-linux-x86_64 0.1.0 9.58 111.41 120.99 OK
r-patched-solaris-x86 0.1.0 237.20 NOTE
r-release-linux-x86_64 0.1.0 9.88 111.75 121.63 OK
r-release-macos-x86_64 0.1.0 NOTE
r-release-windows-ix86+x86_64 0.1.0 29.00 113.00 142.00 OK
r-oldrel-macos-x86_64 0.1.0 NOTE
r-oldrel-windows-ix86+x86_64 0.1.0 17.00 136.00 153.00 OK

Check Details

Version: 0.1.0
Check: dependencies in R code
Result: NOTE
    Namespace in Imports field not imported from: ‘mvtnorm’
     All declared Imports should be used.
Flavors: r-devel-linux-x86_64-fedora-clang, r-devel-linux-x86_64-fedora-gcc, r-patched-solaris-x86, r-release-macos-x86_64, r-oldrel-macos-x86_64