CRAN Package Check Results for Package arm

Last updated on 2024-06-14 03:57:11 CEST.

Flavor Version Tinstall Tcheck Ttotal Status Flags
r-devel-linux-x86_64-debian-clang 1.14-4 15.48 113.55 129.03 OK
r-devel-linux-x86_64-debian-gcc 1.14-4 0.29 1.56 1.85 ERROR
r-devel-linux-x86_64-fedora-clang 1.14-4 158.64 NOTE
r-devel-linux-x86_64-fedora-gcc 1.14-4 147.63 OK
r-devel-windows-x86_64 1.14-4 12.00 97.00 109.00 OK
r-patched-linux-x86_64 1.14-4 12.27 104.51 116.78 OK
r-release-linux-x86_64 1.14-4 15.02 106.85 121.87 OK
r-release-macos-arm64 1.14-4 42.00 OK
r-release-macos-x86_64 1.14-4 61.00 OK
r-release-windows-x86_64 1.14-4 13.00 99.00 112.00 OK
r-oldrel-macos-arm64 1.14-4 50.00 OK
r-oldrel-macos-x86_64 1.14-4 106.00 OK
r-oldrel-windows-x86_64 1.14-4 18.00 121.00 139.00 OK

Check Details

Version: 1.14-4
Check: package dependencies
Result: ERROR Package required but not available: ‘lme4’ See section ‘The DESCRIPTION file’ in the ‘Writing R Extensions’ manual. Flavor: r-devel-linux-x86_64-debian-gcc

Version: 1.14-4
Check: Rd cross-references
Result: NOTE Undeclared packages ‘survey’, ‘Matching’ in Rd xrefs Flavor: r-devel-linux-x86_64-fedora-clang