CRAN Package Check Results for Package arm

Last updated on 2020-09-30 15:47:52 CEST.

Flavor Version Tinstall Tcheck Ttotal Status Flags
r-devel-linux-x86_64-debian-clang 1.11-2 16.29 127.64 143.93 OK
r-devel-linux-x86_64-debian-gcc 1.11-2 13.90 95.48 109.38 OK
r-devel-linux-x86_64-fedora-clang 1.11-2 179.44 NOTE
r-devel-linux-x86_64-fedora-gcc 1.11-2 169.68 OK
r-devel-windows-ix86+x86_64 1.11-2 43.00 153.00 196.00 OK
r-patched-linux-x86_64 1.11-2 15.02 116.90 131.92 OK
r-patched-solaris-x86 1.11-2 245.10 OK
r-release-linux-x86_64 1.11-2 13.30 116.18 129.48 OK
r-release-macos-x86_64 1.11-2 OK
r-release-windows-ix86+x86_64 1.11-2 37.00 155.00 192.00 OK
r-oldrel-macos-x86_64 1.11-2 OK
r-oldrel-windows-ix86+x86_64 1.11-2 32.00 152.00 184.00 OK

Check Details

Version: 1.11-2
Check: Rd cross-references
Result: NOTE
    Undeclared packages ‘survey’, ‘Matching’ in Rd xrefs
Flavor: r-devel-linux-x86_64-fedora-clang