CRAN Package Check Results for Package arkdb

Last updated on 2020-09-22 03:49:14 CEST.

Flavor Version Tinstall Tcheck Ttotal Status Flags
r-devel-linux-x86_64-debian-clang 0.0.6 3.48 227.04 230.52 OK
r-devel-linux-x86_64-debian-gcc 0.0.6 0.31 2.19 2.50 ERROR
r-devel-linux-x86_64-fedora-clang 0.0.6 293.48 OK
r-devel-linux-x86_64-fedora-gcc 0.0.6 285.79 OK
r-devel-windows-ix86+x86_64 0.0.5 8.00 307.00 315.00 NOTE
r-patched-linux-x86_64 0.0.6 3.59 227.26 230.85 OK
r-patched-solaris-x86 0.0.6 394.60 NOTE
r-release-linux-x86_64 0.0.6 3.18 228.14 231.32 OK
r-release-macos-x86_64 0.0.6 OK
r-release-windows-ix86+x86_64 0.0.6 6.00 257.00 263.00 OK
r-oldrel-macos-x86_64 0.0.6 ERROR
r-oldrel-windows-ix86+x86_64 0.0.5 5.00 256.00 261.00 OK

Check Details

Version: 0.0.6
Check: whether package can be installed
Result: ERROR
    Installation failed.
Flavor: r-devel-linux-x86_64-debian-gcc

Version: 0.0.5
Check: package dependencies
Result: NOTE
    Package suggested but not available for checking: 'MonetDBLite'
Flavor: r-devel-windows-ix86+x86_64

Version: 0.0.6
Check: package dependencies
Result: NOTE
    Package suggested but not available for checking: ‘duckdb’
Flavor: r-patched-solaris-x86

Version: 0.0.6
Check: tests
Result: ERROR
     Running ‘spelling.R’ [0s/0s]
     Running ‘testthat.R’ [134s/135s]
    Running the tests in ‘tests/testthat.R’ failed.
    Last 13 lines of output:
     >
     > test_check("arkdb")
     [1] "Testing using backend duckdb_connection"
     ── 1. Failure: local_db works with MonetDBLite (@test-local_db.R#20) ──────────
     `db` inherits from `duckdb_connection` not `MonetDBEmbeddedConnection`.
    
     ══ testthat results ═══════════════════════════════════════════════════════════
     [ OK: 37 | SKIPPED: 2 | WARNINGS: 0 | FAILED: 1 ]
     1. Failure: local_db works with MonetDBLite (@test-local_db.R#20)
    
     Error: testthat unit tests failed
     In addition: Warning message:
     In .Internal(gc(verbose, reset, full)) :
     duckdb_finalize_database_R: Database is garbage-collected, use dbDisconnect(con, shutdown=TRUE) or duckdb::duckdb_shutdown(drv) to avoid this.
     Execution halted
Flavor: r-oldrel-macos-x86_64