CRAN Package Check Results for Package arkdb

Last updated on 2024-07-16 03:54:14 CEST.

Flavor Version Tinstall Tcheck Ttotal Status Flags
r-devel-linux-x86_64-debian-clang 0.0.18 3.70 240.30 244.00 OK
r-devel-linux-x86_64-debian-gcc 0.0.18 3.12 184.20 187.32 OK
r-devel-linux-x86_64-fedora-clang 0.0.18 308.20 OK
r-devel-linux-x86_64-fedora-gcc 0.0.18 354.77 OK
r-devel-windows-x86_64 0.0.18 4.00 244.00 248.00 OK
r-patched-linux-x86_64 0.0.18 4.40 230.34 234.74 OK
r-release-linux-x86_64 0.0.18 3.88 232.51 236.39 OK
r-release-macos-arm64 0.0.18 103.00 ERROR
r-release-macos-x86_64 0.0.18 205.00 NOTE
r-release-windows-x86_64 0.0.18 4.00 236.00 240.00 OK
r-oldrel-macos-arm64 0.0.18 117.00 OK
r-oldrel-macos-x86_64 0.0.18 363.00 OK
r-oldrel-windows-x86_64 0.0.18 4.00 279.00 283.00 OK

Check Details

Version: 0.0.18
Check: tests
Result: ERROR Running ‘spelling.R’ [0s/0s] Running ‘testthat.R’ [44s/42s] Running the tests in ‘tests/testthat.R’ failed. Last 13 lines of output: 6. └─arkdb::ark(...) 7. └─arkdb:::ark_file(...) 8. └─arkdb:::keep_open(...) 9. └─streamable_table$write(data, con, omit_header = TRUE, filename = counter) 10. └─arrow::write_parquet(x, sink = path, ...) 11. ├─ParquetFileWriter$create(...) 12. │ └─arrow:::parquet___arrow___ParquetFileWriter__Open(...) 13. └─ParquetWriterProperties$create(...) 14. └─arrow:::parquet___WriterProperties___Builder__create() [ FAIL 3 | WARN 8 | SKIP 8 | PASS 36 ] Error: Test failures In addition: Warning message: Connection is garbage-collected, use dbDisconnect() to avoid this. Execution halted Flavor: r-release-macos-arm64

Version: 0.0.18
Check: package dependencies
Result: NOTE Package suggested but not available for checking: ‘arrow’ Flavor: r-release-macos-x86_64

Version: 0.0.18
Check: Rd cross-references
Result: NOTE Package unavailable to check Rd xrefs: ‘arrow’ Flavor: r-release-macos-x86_64