CRAN Package Check Results for Package argonR

Last updated on 2022-09-30 04:59:03 CEST.

Flavor Version Tinstall Tcheck Ttotal Status Flags
r-devel-linux-x86_64-debian-clang 0.2.0 4.09 33.76 37.85 NOTE
r-devel-linux-x86_64-debian-gcc 0.2.0 3.38 26.02 29.40 NOTE
r-devel-linux-x86_64-fedora-clang 0.2.0 61.29 NOTE
r-devel-linux-x86_64-fedora-gcc 0.2.0 57.69 NOTE
r-devel-windows-x86_64 0.2.0 136.00 78.00 214.00 NOTE
r-patched-linux-x86_64 0.2.0 4.56 31.56 36.12 NOTE
r-release-linux-x86_64 0.2.0 3.58 31.50 35.08 NOTE
r-release-macos-arm64 0.2.0 23.00 NOTE
r-release-macos-x86_64 0.2.0 26.00 NOTE
r-release-windows-x86_64 0.2.0 103.00 72.00 175.00 NOTE
r-oldrel-macos-arm64 0.2.0 24.00 NOTE
r-oldrel-macos-x86_64 0.2.0 32.00 NOTE
r-oldrel-windows-ix86+x86_64 0.2.0 9.00 64.00 73.00 NOTE

Check Details

Version: 0.2.0
Check: LazyData
Result: NOTE
     'LazyData' is specified without a 'data' directory
Flavors: r-devel-linux-x86_64-debian-clang, r-devel-linux-x86_64-debian-gcc, r-devel-linux-x86_64-fedora-clang, r-devel-linux-x86_64-fedora-gcc, r-devel-windows-x86_64, r-patched-linux-x86_64, r-release-linux-x86_64, r-release-macos-arm64, r-release-macos-x86_64, r-release-windows-x86_64, r-oldrel-macos-arm64, r-oldrel-macos-x86_64, r-oldrel-windows-ix86+x86_64