CRAN Package Check Results for Package archetypes

Last updated on 2020-09-22 03:49:13 CEST.

Flavor Version Tinstall Tcheck Ttotal Status Flags
r-devel-linux-x86_64-debian-clang 2.2-0.1 5.38 144.90 150.28 OK
r-devel-linux-x86_64-debian-gcc 2.2-0.1 0.40 2.23 2.63 ERROR
r-devel-linux-x86_64-fedora-clang 2.2-0.1 191.84 OK
r-devel-linux-x86_64-fedora-gcc 2.2-0.1 181.47 OK
r-devel-windows-ix86+x86_64 2.2-0.1 9.00 147.00 156.00 OK
r-patched-linux-x86_64 2.2-0.1 4.59 136.92 141.51 OK
r-patched-solaris-x86 2.2-0.1 208.00 OK
r-release-linux-x86_64 2.2-0.1 4.53 136.34 140.87 OK
r-release-macos-x86_64 2.2-0.1 OK
r-release-windows-ix86+x86_64 2.2-0.1 9.00 157.00 166.00 OK
r-oldrel-macos-x86_64 2.2-0.1 OK
r-oldrel-windows-ix86+x86_64 2.2-0.1 6.00 176.00 182.00 OK

Check Details

Version: 2.2-0.1
Check: whether package can be installed
Result: ERROR
    Installation failed.
Flavor: r-devel-linux-x86_64-debian-gcc