CRAN Package Check Results for Package arc

Last updated on 2020-09-24 15:48:23 CEST.

Flavor Version Tinstall Tcheck Ttotal Status Flags
r-devel-linux-x86_64-debian-clang 1.2 10.07 88.56 98.63 NOTE
r-devel-linux-x86_64-debian-gcc 1.2 8.42 67.24 75.66 NOTE
r-devel-linux-x86_64-fedora-clang 1.2 124.33 NOTE
r-devel-linux-x86_64-fedora-gcc 1.2 114.33 NOTE
r-devel-windows-ix86+x86_64 1.2 22.00 120.00 142.00 OK
r-patched-linux-x86_64 1.2 9.21 82.16 91.37 NOTE
r-patched-solaris-x86 1.2 166.50 NOTE
r-release-linux-x86_64 1.2 9.07 81.73 90.80 NOTE
r-release-macos-x86_64 1.2 NOTE
r-release-windows-ix86+x86_64 1.2 20.00 109.00 129.00 OK
r-oldrel-macos-x86_64 1.2 OK
r-oldrel-windows-ix86+x86_64 1.2 16.00 105.00 121.00 OK

Check Details

Version: 1.2
Check: package dependencies
Result: NOTE
    Package suggested but not available for checking: 'qCBA'
Flavors: r-devel-linux-x86_64-debian-clang, r-devel-linux-x86_64-debian-gcc, r-devel-linux-x86_64-fedora-clang, r-devel-linux-x86_64-fedora-gcc, r-patched-linux-x86_64, r-patched-solaris-x86, r-release-linux-x86_64, r-release-macos-x86_64