CRAN Package Check Results for Package arabicStemR

Last updated on 2020-09-22 03:49:13 CEST.

Flavor Version Tinstall Tcheck Ttotal Status Flags
r-devel-linux-x86_64-debian-clang 1.2 2.80 27.87 30.67 OK
r-devel-linux-x86_64-debian-gcc 1.2 0.29 1.83 2.12 ERROR
r-devel-linux-x86_64-fedora-clang 1.2 46.89 NOTE
r-devel-linux-x86_64-fedora-gcc 1.2 37.46 NOTE
r-devel-windows-ix86+x86_64 1.2 6.00 42.00 48.00 OK
r-patched-linux-x86_64 1.2 2.72 28.53 31.25 OK
r-patched-solaris-x86 1.2 54.10 NOTE
r-release-linux-x86_64 1.2 2.71 28.56 31.27 OK
r-release-macos-x86_64 1.2 NOTE
r-release-windows-ix86+x86_64 1.2 5.00 36.00 41.00 OK
r-oldrel-macos-x86_64 1.2 NOTE
r-oldrel-windows-ix86+x86_64 1.2 5.00 51.00 56.00 OK

Check Details

Version: 1.2
Check: whether package can be installed
Result: ERROR
    Installation failed.
Flavor: r-devel-linux-x86_64-debian-gcc

Version: 1.2
Check: data for non-ASCII characters
Result: NOTE
     Note: found 1 marked UTF-8 string
Flavors: r-devel-linux-x86_64-fedora-clang, r-devel-linux-x86_64-fedora-gcc, r-patched-solaris-x86, r-release-macos-x86_64, r-oldrel-macos-x86_64