CRAN Package Check Results for Package apt

Last updated on 2020-09-22 03:49:13 CEST.

Flavor Version Tinstall Tcheck Ttotal Status Flags
r-devel-linux-x86_64-debian-clang 3.0 11.27 85.34 96.61 OK
r-devel-linux-x86_64-debian-gcc 3.0 0.31 1.88 2.19 ERROR
r-devel-linux-x86_64-fedora-clang 3.0 126.09 OK
r-devel-linux-x86_64-fedora-gcc 3.0 117.96 OK
r-devel-windows-ix86+x86_64 3.0 26.00 102.00 128.00 OK
r-patched-linux-x86_64 3.0 7.59 82.79 90.38 OK
r-patched-solaris-x86 3.0 185.90 OK
r-release-linux-x86_64 3.0 8.88 83.64 92.52 OK
r-release-macos-x86_64 3.0 OK
r-release-windows-ix86+x86_64 3.0 26.00 87.00 113.00 OK
r-oldrel-macos-x86_64 3.0 OK
r-oldrel-windows-ix86+x86_64 3.0 15.00 105.00 120.00 OK

Check Details

Version: 3.0
Check: whether package can be installed
Result: ERROR
    Installation failed.
Flavor: r-devel-linux-x86_64-debian-gcc