CRAN Package Check Results for Package apollo

Last updated on 2020-07-13 15:48:15 CEST.

Flavor Version Tinstall Tcheck Ttotal Status Flags
r-devel-linux-x86_64-debian-clang 0.1.0 61.52 149.43 210.95 NOTE
r-devel-linux-x86_64-debian-gcc 0.1.0 49.89 114.64 164.53 NOTE
r-devel-linux-x86_64-fedora-clang 0.1.0 276.18 OK
r-devel-linux-x86_64-fedora-gcc 0.1.0 265.28 OK
r-devel-windows-ix86+x86_64 0.1.0 112.00 240.00 352.00 OK
r-patched-linux-x86_64 0.1.0 53.06 148.69 201.75 NOTE
r-patched-solaris-x86 0.1.0 340.50 OK
r-release-linux-x86_64 0.1.0 52.63 149.73 202.36 NOTE
r-release-macos-x86_64 0.1.0 ERROR
r-release-windows-ix86+x86_64 0.1.0 145.00 238.00 383.00 OK
r-oldrel-macos-x86_64 0.1.0 OK
r-oldrel-windows-ix86+x86_64 0.1.0 130.00 166.00 296.00 OK

Check Details

Version: 0.1.0
Check: R code for possible problems
Result: NOTE
    Found the following calls to attach():
    File 'apollo/R/apollo_attach.R':
     attach(as.list(apollo_beta))
     attach(database)
     attach(draws)
     attach(randcoeff)
     attach(lcpars)
    See section 'Good practice' in '?attach'.
Flavors: r-devel-linux-x86_64-debian-clang, r-devel-linux-x86_64-debian-gcc, r-patched-linux-x86_64, r-release-linux-x86_64

Version: 0.1.0
Check: whether package can be installed
Result: ERROR
    Installation failed.
Flavor: r-release-macos-x86_64