CRAN Package Check Results for Package aphid

Last updated on 2022-10-07 15:52:49 CEST.

Flavor Version Tinstall Tcheck Ttotal Status Flags
r-devel-linux-x86_64-debian-clang 1.3.3 55.14 108.96 164.10 WARN
r-devel-linux-x86_64-debian-gcc 1.3.3 45.36 82.92 128.28 OK
r-devel-linux-x86_64-fedora-clang 1.3.3 232.61 WARN
r-devel-linux-x86_64-fedora-gcc 1.3.3 223.57 OK
r-devel-windows-x86_64 1.3.3 54.00 161.00 215.00 OK
r-patched-linux-x86_64 1.3.3 46.75 103.07 149.82 OK
r-release-linux-x86_64 1.3.3 46.23 103.69 149.92 OK
r-release-macos-arm64 1.3.3 55.00 OK
r-release-macos-x86_64 1.3.3 77.00 OK
r-release-windows-x86_64 1.3.3 54.00 149.00 203.00 OK
r-oldrel-macos-arm64 1.3.3 67.00 OK
r-oldrel-macos-x86_64 1.3.3 75.00 OK
r-oldrel-windows-ix86+x86_64 1.3.3 121.00 194.00 315.00 OK

Additional issues

clang14

Check Details

Version: 1.3.3
Check: whether package can be installed
Result: WARN
    Found the following significant warnings:
     ViterbiC.cpp:217:10: warning: use of bitwise '&' with boolean operands [-Wbitwise-instead-of-logical]
     ViterbiC.cpp:528:10: warning: use of bitwise '&' with boolean operands [-Wbitwise-instead-of-logical]
     ViterbiC.cpp:814:10: warning: use of bitwise '&' with boolean operands [-Wbitwise-instead-of-logical]
     ViterbiC.cpp:1104:10: warning: use of bitwise '&' with boolean operands [-Wbitwise-instead-of-logical]
     ViterbiC.cpp:1242:10: warning: use of bitwise '&' with boolean operands [-Wbitwise-instead-of-logical]
     utils.cpp:45:40: warning: use of bitwise '|' with boolean operands [-Wbitwise-instead-of-logical]
     utils.cpp:59:10: warning: use of bitwise '&' with boolean operands [-Wbitwise-instead-of-logical]
     utils.cpp:60:15: warning: use of bitwise '&' with boolean operands [-Wbitwise-instead-of-logical]
     utils.cpp:61:15: warning: use of bitwise '&' with boolean operands [-Wbitwise-instead-of-logical]
     utils.cpp:62:15: warning: use of bitwise '&' with boolean operands [-Wbitwise-instead-of-logical]
     utils.cpp:63:15: warning: use of bitwise '&' with boolean operands [-Wbitwise-instead-of-logical]
     utils.cpp:64:15: warning: use of bitwise '&' with boolean operands [-Wbitwise-instead-of-logical]
     utils.cpp:65:15: warning: use of bitwise '&' with boolean operands [-Wbitwise-instead-of-logical]
     utils.cpp:66:15: warning: use of bitwise '&' with boolean operands [-Wbitwise-instead-of-logical]
     utils.cpp:67:15: warning: use of bitwise '&' with boolean operands [-Wbitwise-instead-of-logical]
Flavors: r-devel-linux-x86_64-debian-clang, r-devel-linux-x86_64-fedora-clang