CRAN Package Check Results for Package ape

Last updated on 2021-05-18 03:48:36 CEST.

Flavor Version Tinstall Tcheck Ttotal Status Flags
r-devel-linux-x86_64-debian-clang 5.5 64.46 268.40 332.86 OK
r-devel-linux-x86_64-debian-gcc 5.5 48.25 197.26 245.51 OK
r-devel-linux-x86_64-fedora-clang 5.5 408.78 NOTE
r-devel-linux-x86_64-fedora-gcc 5.5 388.56 OK
r-devel-windows-ix86+x86_64 5.5 150.00 274.00 424.00 NOTE
r-devel-windows-x86_64-gcc10-UCRT 5.5 OK
r-patched-linux-x86_64 5.5 61.14 260.10 321.24 OK
r-patched-solaris-x86 5.5 440.60 OK
r-release-linux-x86_64 5.5 56.41 246.02 302.43 OK
r-release-macos-x86_64 5.5 OK
r-release-windows-ix86+x86_64 5.5 108.00 282.00 390.00 NOTE
r-oldrel-macos-x86_64 5.5 OK
r-oldrel-windows-ix86+x86_64 5.5 116.00 356.00 472.00 NOTE

Check Details

Version: 5.5
Check: installed package size
Result: NOTE
     installed size is 5.0Mb
     sub-directories of 1Mb or more:
     R 1.0Mb
     doc 1.3Mb
     libs 1.7Mb
Flavors: r-devel-linux-x86_64-fedora-clang, r-devel-windows-ix86+x86_64, r-release-windows-ix86+x86_64, r-oldrel-windows-ix86+x86_64