CRAN Package Check Results for Package ape

Last updated on 2020-08-10 03:48:15 CEST.

Flavor Version Tinstall Tcheck Ttotal Status Flags
r-devel-linux-x86_64-debian-clang 5.4 68.86 183.43 252.29 OK
r-devel-linux-x86_64-debian-gcc 5.4 51.60 136.40 188.00 OK
r-devel-linux-x86_64-fedora-clang 5.4 308.29 NOTE
r-devel-linux-x86_64-fedora-gcc 5.4 291.60 OK
r-devel-windows-ix86+x86_64 5.4 160.00 315.00 475.00 OK
r-patched-linux-x86_64 5.4 54.39 181.15 235.54 OK
r-patched-solaris-x86 5.4 329.00 OK
r-release-linux-x86_64 5.4 59.19 179.79 238.98 OK
r-release-macos-x86_64 5.4 OK
r-release-windows-ix86+x86_64 5.4 138.00 326.00 464.00 OK
r-oldrel-macos-x86_64 5.4 OK
r-oldrel-windows-ix86+x86_64 5.4 127.00 246.00 373.00 OK

Check Details

Version: 5.4
Check: Rd cross-references
Result: NOTE
    Undeclared packages ‘phangorn’, ‘ade4’, ‘pegas’, ‘geiger’, ‘apTreeshape’ in Rd xrefs
Flavor: r-devel-linux-x86_64-fedora-clang