CRAN Package Check Results for Package aods3

Last updated on 2020-09-23 16:38:35 CEST.

Flavor Version Tinstall Tcheck Ttotal Status Flags
r-devel-linux-x86_64-debian-clang 0.4-1.1 8.55 73.68 82.23 NOTE
r-devel-linux-x86_64-debian-gcc 0.4-1.1 8.51 57.50 66.01 NOTE
r-devel-linux-x86_64-fedora-clang 0.4-1.1 108.73 NOTE
r-devel-linux-x86_64-fedora-gcc 0.4-1.1 99.44 NOTE
r-devel-windows-ix86+x86_64 0.4-1.1 21.00 100.00 121.00 NOTE
r-patched-linux-x86_64 0.4-1.1 10.99 68.56 79.55 NOTE
r-patched-solaris-x86 0.4-1.1 141.50 NOTE
r-release-linux-x86_64 0.4-1.1 11.13 69.26 80.39 NOTE
r-release-macos-x86_64 0.4-1.1 NOTE
r-release-windows-ix86+x86_64 0.4-1.1 31.00 94.00 125.00 NOTE
r-oldrel-macos-x86_64 0.4-1.1 NOTE
r-oldrel-windows-ix86+x86_64 0.4-1.1 14.00 89.00 103.00 NOTE

Check Details

Version: 0.4-1.1
Check: dependencies in R code
Result: NOTE
    Packages in Depends field not imported from:
     'boot' 'lme4'
     These packages need to be imported from (in the NAMESPACE file)
     for when this namespace is loaded but not attached.
Flavors: r-devel-linux-x86_64-debian-clang, r-devel-linux-x86_64-debian-gcc, r-devel-linux-x86_64-fedora-clang, r-devel-linux-x86_64-fedora-gcc, r-devel-windows-ix86+x86_64, r-patched-linux-x86_64, r-patched-solaris-x86, r-release-linux-x86_64, r-release-macos-x86_64, r-release-windows-ix86+x86_64, r-oldrel-macos-x86_64, r-oldrel-windows-ix86+x86_64