CRAN Package Check Results for Package antitrust

Last updated on 2020-09-22 16:02:22 CEST.

Flavor Version Tinstall Tcheck Ttotal Status Flags
r-devel-linux-x86_64-debian-clang 0.99.14 14.40 76.61 91.01 OK
r-devel-linux-x86_64-debian-gcc 0.99.14 9.56 59.60 69.16 OK
r-devel-linux-x86_64-fedora-clang 0.99.14 113.98 NOTE
r-devel-linux-x86_64-fedora-gcc 0.99.14 106.50 NOTE
r-devel-windows-ix86+x86_64 0.99.14 25.00 88.00 113.00 OK
r-patched-linux-x86_64 0.99.14 12.56 75.10 87.66 OK
r-patched-solaris-x86 0.99.14 127.50 NOTE
r-release-linux-x86_64 0.99.14 12.72 74.97 87.69 OK
r-release-macos-x86_64 0.99.14 NOTE
r-release-windows-ix86+x86_64 0.99.14 25.00 92.00 117.00 OK
r-oldrel-macos-x86_64 0.99.14 NOTE
r-oldrel-windows-ix86+x86_64 0.99.14 12.00 101.00 113.00 OK

Check Details

Version: 0.99.14
Check: dependencies in R code
Result: NOTE
    Namespaces in Imports field not imported from:
     ‘MASS’ ‘evd’
     All declared Imports should be used.
Flavors: r-devel-linux-x86_64-fedora-clang, r-devel-linux-x86_64-fedora-gcc, r-patched-solaris-x86, r-release-macos-x86_64, r-oldrel-macos-x86_64

Version: 0.99.14
Check: Rd cross-references
Result: NOTE
    Undeclared package ‘competitiontoolbox’ in Rd xrefs
Flavor: r-devel-linux-x86_64-fedora-clang