Last updated on 2023-01-31 15:55:40 CET.
Flavor | Version | Tinstall | Tcheck | Ttotal | Status | Flags |
---|---|---|---|---|---|---|
r-devel-linux-x86_64-debian-clang | 4.0.2 | 77.85 | 132.38 | 210.23 | NOTE | |
r-devel-linux-x86_64-debian-gcc | 4.0.2 | 57.34 | 96.93 | 154.27 | NOTE | |
r-devel-linux-x86_64-fedora-clang | 4.0.2 | 332.86 | NOTE | |||
r-devel-linux-x86_64-fedora-gcc | 4.0.2 | 255.81 | NOTE | |||
r-devel-windows-x86_64 | 4.0.2 | 283.00 | 195.00 | 478.00 | NOTE | |
r-patched-linux-x86_64 | 4.0.2 | 61.23 | 129.69 | 190.92 | OK | |
r-release-linux-x86_64 | 4.0.2 | 62.04 | 130.12 | 192.16 | OK | |
r-release-macos-arm64 | 4.0.2 | 76.00 | NOTE | |||
r-release-macos-x86_64 | 4.0.2 | 121.00 | NOTE | |||
r-release-windows-x86_64 | 4.0.2 | 146.00 | 202.00 | 348.00 | NOTE | |
r-oldrel-macos-arm64 | 4.0.2 | 81.00 | NOTE | |||
r-oldrel-macos-x86_64 | 4.0.2 | 97.00 | NOTE | |||
r-oldrel-windows-ix86+x86_64 | 4.0.2 | 193.00 | 255.00 | 448.00 | NOTE |
Version: 4.0.2
Check: C++ specification
Result: NOTE
Specified C++14: please update to current default of C++17
Flavors: r-devel-linux-x86_64-debian-clang, r-devel-linux-x86_64-debian-gcc, r-devel-linux-x86_64-fedora-clang, r-devel-linux-x86_64-fedora-gcc, r-devel-windows-x86_64
Version: 4.0.2
Check: installed package size
Result: NOTE
installed size is 5.8Mb
sub-directories of 1Mb or more:
data 4.1Mb
libs 1.2Mb
Flavors: r-devel-windows-x86_64, r-release-macos-arm64, r-release-macos-x86_64, r-release-windows-x86_64, r-oldrel-macos-arm64, r-oldrel-macos-x86_64, r-oldrel-windows-ix86+x86_64