CRAN Package Check Results for Package annotator

Last updated on 2024-07-18 03:56:30 CEST.

Flavor Version Tinstall Tcheck Ttotal Status Flags
r-devel-linux-x86_64-debian-clang 0.0.3.1 3.27 39.95 43.22 OK
r-devel-linux-x86_64-debian-gcc 0.0.3.1 3.12 30.26 33.38 OK
r-devel-linux-x86_64-fedora-clang 0.0.3.1 54.00 OK
r-devel-linux-x86_64-fedora-gcc 0.0.3.1 51.82 OK
r-devel-windows-x86_64 0.0.3.1 6.00 52.00 58.00 NOTE
r-patched-linux-x86_64 0.0.3.1 9.06 38.65 47.71 OK
r-release-linux-x86_64 0.0.3.1 4.41 38.84 43.25 OK
r-release-macos-arm64 0.0.3.1 23.00 OK
r-release-macos-x86_64 0.0.3.1 35.00 OK
r-release-windows-x86_64 0.0.3.1 6.00 52.00 58.00 OK
r-oldrel-macos-arm64 0.0.3.1 24.00 OK
r-oldrel-macos-x86_64 0.0.3.1 41.00 OK
r-oldrel-windows-x86_64 0.0.3.1 6.00 56.00 62.00 OK

Check Details

Version: 0.0.3.1
Check: Rd cross-references
Result: NOTE Found the following Rd file(s) with Rd \link{} targets missing package anchors: annotate.Rd: htmlwidgets Please provide package anchors for all Rd \link{} targets not in the package itself and the base packages. Flavor: r-devel-windows-x86_64