CRAN Package Check Results for Package animation

Last updated on 2020-09-22 03:49:13 CEST.

Flavor Version Tinstall Tcheck Ttotal Status Flags
r-devel-linux-x86_64-debian-clang 2.6 5.83 37.35 43.18 NOTE
r-devel-linux-x86_64-debian-gcc 2.6 0.44 2.59 3.03 ERROR
r-devel-linux-x86_64-fedora-clang 2.6 60.89 NOTE
r-devel-linux-x86_64-fedora-gcc 2.6 51.93 NOTE
r-devel-windows-ix86+x86_64 2.6 10.00 46.00 56.00 OK
r-patched-linux-x86_64 2.6 6.37 36.34 42.71 NOTE
r-patched-solaris-x86 2.6 71.80 NOTE
r-release-linux-x86_64 2.6 6.25 36.41 42.66 NOTE
r-release-macos-x86_64 2.6 OK
r-release-windows-ix86+x86_64 2.6 10.00 45.00 55.00 OK
r-oldrel-macos-x86_64 2.6 OK
r-oldrel-windows-ix86+x86_64 2.6 6.00 51.00 57.00 OK

Check Details

Version: 2.6
Check: for non-standard things in the check directory
Result: NOTE
    Found the following files/directories:
     'BM-motion-chart.html' 'css' 'images' 'index.html' 'js'
Flavors: r-devel-linux-x86_64-debian-clang, r-devel-linux-x86_64-fedora-clang, r-devel-linux-x86_64-fedora-gcc, r-patched-linux-x86_64, r-patched-solaris-x86, r-release-linux-x86_64

Version: 2.6
Check: whether package can be installed
Result: ERROR
    Installation failed.
Flavor: r-devel-linux-x86_64-debian-gcc