CRAN Package Check Results for Package animaltracker

Last updated on 2020-09-22 03:49:13 CEST.

Flavor Version Tinstall Tcheck Ttotal Status Flags
r-devel-linux-x86_64-debian-clang 0.1.0 9.19 76.05 85.24 OK
r-devel-linux-x86_64-debian-gcc 0.1.0 0.51 2.12 2.63 ERROR
r-devel-linux-x86_64-fedora-clang 0.1.0 114.72 NOTE
r-devel-linux-x86_64-fedora-gcc 0.1.0 103.03 NOTE
r-devel-windows-ix86+x86_64 0.1.0 20.00 86.00 106.00 OK
r-patched-linux-x86_64 0.1.0 8.09 75.39 83.48 OK
r-patched-solaris-x86 0.1.0 142.30 NOTE
r-release-linux-x86_64 0.1.0 8.79 74.12 82.91 OK
r-release-macos-x86_64 0.1.0 NOTE
r-release-windows-ix86+x86_64 0.1.0 20.00 102.00 122.00 OK
r-oldrel-macos-x86_64 0.1.0 NOTE
r-oldrel-windows-ix86+x86_64 0.1.0 11.00 100.00 111.00 OK

Check Details

Version: 0.1.0
Check: whether package can be installed
Result: ERROR
    Installation failed.
Flavor: r-devel-linux-x86_64-debian-gcc

Version: 0.1.0
Check: package dependencies
Result: NOTE
    Imports includes 22 non-default packages.
    Importing from so many packages makes the package vulnerable to any of
    them becoming unavailable. Move as many as possible to Suggests and
    use conditionally.
Flavor: r-devel-linux-x86_64-fedora-clang

Version: 0.1.0
Check: dependencies in R code
Result: NOTE
    Namespace in Imports field not imported from: ‘V8’
     All declared Imports should be used.
Flavors: r-devel-linux-x86_64-fedora-clang, r-devel-linux-x86_64-fedora-gcc, r-patched-solaris-x86, r-release-macos-x86_64, r-oldrel-macos-x86_64