CRAN Package Check Results for Package angstroms

Last updated on 2020-09-22 03:49:13 CEST.

Flavor Version Tinstall Tcheck Ttotal Status Flags
r-devel-linux-x86_64-debian-clang 0.0.1 11.54 101.51 113.05 OK
r-devel-linux-x86_64-debian-gcc 0.0.1 0.39 1.98 2.37 ERROR
r-devel-linux-x86_64-fedora-clang 0.0.1 143.39 OK
r-devel-linux-x86_64-fedora-gcc 0.0.1 137.24 OK
r-devel-windows-ix86+x86_64 0.0.1 30.00 106.00 136.00 OK
r-patched-linux-x86_64 0.0.1 11.04 97.81 108.85 OK
r-patched-solaris-x86 0.0.1 172.60 OK
r-release-linux-x86_64 0.0.1 11.44 98.82 110.26 OK
r-release-macos-x86_64 0.0.1 OK
r-release-windows-ix86+x86_64 0.0.1 26.00 103.00 129.00 OK
r-oldrel-macos-x86_64 0.0.1 OK
r-oldrel-windows-ix86+x86_64 0.0.1 18.00 85.00 103.00 OK

Check Details

Version: 0.0.1
Check: whether package can be installed
Result: ERROR
    Installation failed.
Flavor: r-devel-linux-x86_64-debian-gcc