CRAN Package Check Results for Package andrews

Last updated on 2020-09-20 16:14:11 CEST.

Flavor Version Tinstall Tcheck Ttotal Status Flags
r-devel-linux-x86_64-debian-clang 1.0 2.06 20.89 22.95 NOTE
r-devel-linux-x86_64-debian-gcc 1.0 1.59 16.29 17.88 NOTE
r-devel-linux-x86_64-fedora-clang 1.0 36.92 NOTE
r-devel-linux-x86_64-fedora-gcc 1.0 28.87 NOTE
r-devel-windows-ix86+x86_64 1.0 4.00 28.00 32.00 NOTE
r-patched-linux-x86_64 1.0 2.12 20.57 22.69 NOTE
r-patched-solaris-x86 1.0 42.10 NOTE
r-release-linux-x86_64 1.0 2.16 21.25 23.41 NOTE
r-release-macos-x86_64 1.0 NOTE
r-release-windows-ix86+x86_64 1.0 4.00 29.00 33.00 NOTE
r-oldrel-macos-x86_64 1.0 NOTE
r-oldrel-windows-ix86+x86_64 1.0 4.00 44.00 48.00 NOTE

Check Details

Version: 1.0
Check: DESCRIPTION meta-information
Result: NOTE
    Malformed Description field: should contain one or more complete sentences.
Flavors: r-devel-linux-x86_64-debian-clang, r-devel-linux-x86_64-debian-gcc, r-devel-linux-x86_64-fedora-clang, r-devel-linux-x86_64-fedora-gcc, r-devel-windows-ix86+x86_64, r-patched-linux-x86_64, r-patched-solaris-x86, r-release-linux-x86_64, r-release-macos-x86_64, r-release-windows-ix86+x86_64, r-oldrel-macos-x86_64, r-oldrel-windows-ix86+x86_64

Version: 1.0
Check: R code for possible problems
Result: NOTE
    andrews: no visible global function definition for 'plot.new'
    andrews: no visible global function definition for 'plot.window'
    andrews: no visible global function definition for 'title'
    andrews: no visible global function definition for 'axis'
    andrews: no visible global function definition for 'box'
    andrews: no visible global function definition for 'lines'
    andrews: no visible global function definition for 'rainbow'
    andrews: no visible global function definition for 'hsv'
    selectand: no visible global function definition for 'lines'
    Undefined global functions or variables:
     axis box hsv lines plot.new plot.window rainbow title
    Consider adding
     importFrom("grDevices", "hsv", "rainbow")
     importFrom("graphics", "axis", "box", "lines", "plot.new",
     "plot.window", "title")
    to your NAMESPACE file.
Flavors: r-devel-linux-x86_64-debian-clang, r-devel-linux-x86_64-debian-gcc, r-devel-linux-x86_64-fedora-clang, r-devel-linux-x86_64-fedora-gcc, r-devel-windows-ix86+x86_64, r-patched-linux-x86_64, r-patched-solaris-x86, r-release-linux-x86_64, r-release-macos-x86_64, r-release-windows-ix86+x86_64, r-oldrel-macos-x86_64, r-oldrel-windows-ix86+x86_64