CRAN Package Check Results for Package analyzer

Last updated on 2020-09-24 03:52:49 CEST.

Flavor Version Tinstall Tcheck Ttotal Status Flags
r-devel-linux-x86_64-debian-clang 1.0.1 6.51 78.35 84.86 OK
r-devel-linux-x86_64-debian-gcc 1.0.1 4.87 58.00 62.87 OK
r-devel-linux-x86_64-fedora-clang 1.0.1 105.94 OK
r-devel-linux-x86_64-fedora-gcc 1.0.1 95.62 OK
r-devel-windows-ix86+x86_64 1.0.1 13.00 107.00 120.00 OK
r-patched-linux-x86_64 1.0.1 6.70 73.82 80.52 OK
r-patched-solaris-x86 1.0.1 127.50 OK
r-release-linux-x86_64 1.0.1 6.26 74.63 80.89 OK
r-release-macos-x86_64 1.0.1 OK
r-release-windows-ix86+x86_64 1.0.1 28.00 107.00 135.00 OK
r-oldrel-macos-x86_64 1.0.1 NOTE
r-oldrel-windows-ix86+x86_64 1.0.1 7.00 105.00 112.00 NOTE

Check Details

Version: 1.0.1
Check: R code for possible problems
Result: NOTE
    plottr: no visible global function definition for ‘plot’
    print.analyzerPlot: no visible global function definition for ‘plot’
    Undefined global functions or variables:
     plot
    Consider adding
     importFrom("graphics", "plot")
    to your NAMESPACE file.
Flavors: r-oldrel-macos-x86_64, r-oldrel-windows-ix86+x86_64