CRAN Package Check Results for Package analysisPipelines

Last updated on 2020-09-28 15:47:35 CEST.

Flavor Version Tinstall Tcheck Ttotal Status Flags
r-devel-linux-x86_64-debian-clang 1.0.2 10.32 89.54 99.86 NOTE
r-devel-linux-x86_64-debian-gcc 1.0.2 8.87 66.87 75.74 NOTE
r-devel-linux-x86_64-fedora-clang 1.0.2 123.48 NOTE
r-devel-linux-x86_64-fedora-gcc 1.0.2 123.98 NOTE
r-devel-windows-ix86+x86_64 1.0.2 22.00 120.00 142.00 OK
r-patched-linux-x86_64 1.0.2 9.54 83.03 92.57 NOTE
r-patched-solaris-x86 1.0.2 153.50 NOTE
r-release-linux-x86_64 1.0.2 9.56 82.36 91.92 NOTE
r-release-macos-x86_64 1.0.2 OK
r-release-windows-ix86+x86_64 1.0.2 22.00 107.00 129.00 OK
r-oldrel-macos-x86_64 1.0.2 OK
r-oldrel-windows-ix86+x86_64 1.0.2 19.00 117.00 136.00 OK

Check Details

Version: 1.0.2
Check: package dependencies
Result: NOTE
    Package which this enhances but not available for checking: 'SparkR'
Flavors: r-devel-linux-x86_64-debian-clang, r-devel-linux-x86_64-debian-gcc, r-devel-linux-x86_64-fedora-clang, r-devel-linux-x86_64-fedora-gcc, r-patched-linux-x86_64, r-patched-solaris-x86, r-release-linux-x86_64