CRAN Package Check Results for Package ammistability

Last updated on 2021-03-02 03:53:46 CET.

Flavor Version Tinstall Tcheck Ttotal Status Flags
r-devel-linux-x86_64-debian-clang 0.1.2 OK
r-devel-linux-x86_64-debian-gcc 0.1.2 6.29 72.32 78.61 OK
r-devel-linux-x86_64-fedora-clang 0.1.2 134.70 NOTE
r-devel-linux-x86_64-fedora-gcc 0.1.2 127.32 NOTE
r-patched-linux-x86_64 0.1.2 8.55 90.99 99.54 OK
r-patched-solaris-x86 0.1.2 168.00 NOTE
r-release-linux-x86_64 0.1.2 7.92 92.30 100.22 OK
r-release-macos-x86_64 0.1.2 NOTE
r-oldrel-macos-x86_64 0.1.2 NOTE

Check Details

Version: 0.1.2
Check: dependencies in R code
Result: NOTE
    Namespace in Imports field not imported from: ‘mathjaxr’
     All declared Imports should be used.
Flavors: r-devel-linux-x86_64-fedora-clang, r-devel-linux-x86_64-fedora-gcc, r-patched-solaris-x86, r-release-macos-x86_64, r-oldrel-macos-x86_64