CRAN Package Check Results for Package aml

Last updated on 2020-09-19 03:49:37 CEST.

Flavor Version Tinstall Tcheck Ttotal Status Flags
r-devel-linux-x86_64-debian-clang 0.1-1 2.63 44.82 47.45 NOTE
r-devel-linux-x86_64-debian-gcc 0.1-1 1.97 35.29 37.26 NOTE
r-devel-linux-x86_64-fedora-clang 0.1-1 69.31 NOTE
r-devel-linux-x86_64-fedora-gcc 0.1-1 56.49 NOTE
r-devel-windows-ix86+x86_64 0.1-1 5.00 70.00 75.00 NOTE
r-patched-linux-x86_64 0.1-1 2.33 44.24 46.57 NOTE
r-patched-solaris-x86 0.1-1 96.90 NOTE
r-release-linux-x86_64 0.1-1 2.22 44.32 46.54 NOTE
r-release-macos-x86_64 0.1-1 NOTE
r-release-windows-ix86+x86_64 0.1-1 5.00 54.00 59.00 NOTE
r-oldrel-macos-x86_64 0.1-1 NOTE
r-oldrel-windows-ix86+x86_64 0.1-1 3.00 66.00 69.00 NOTE

Check Details

Version: 0.1-1
Check: R code for possible problems
Result: NOTE
    amltest: no visible global function definition for 'var'
    amltest: no visible global function definition for 'optim'
    amltest: no visible global function definition for 'lm'
    cleanclust: no visible global function definition for 'cor'
    cleanclust: no visible global function definition for 'hclust'
    cleanclust: no visible global function definition for 'as.dist'
    cleanclust: no visible global function definition for 'cutree'
    Undefined global functions or variables:
     as.dist cor cutree hclust lm optim var
    Consider adding
     importFrom("stats", "as.dist", "cor", "cutree", "hclust", "lm",
     "optim", "var")
    to your NAMESPACE file.
Flavors: r-devel-linux-x86_64-debian-clang, r-devel-linux-x86_64-debian-gcc, r-devel-linux-x86_64-fedora-clang, r-devel-linux-x86_64-fedora-gcc, r-devel-windows-ix86+x86_64, r-patched-linux-x86_64, r-patched-solaris-x86, r-release-linux-x86_64, r-release-macos-x86_64, r-release-windows-ix86+x86_64, r-oldrel-macos-x86_64, r-oldrel-windows-ix86+x86_64