CRAN Package Check Results for Package amerika

Last updated on 2020-09-22 03:49:13 CEST.

Flavor Version Tinstall Tcheck Ttotal Status Flags
r-devel-linux-x86_64-debian-clang 0.1.0 1.76 17.96 19.72 OK
r-devel-linux-x86_64-debian-gcc 0.1.0 0.26 1.67 1.93 ERROR
r-devel-linux-x86_64-fedora-clang 0.1.0 33.13 OK
r-devel-linux-x86_64-fedora-gcc 0.1.0 23.06 OK
r-devel-windows-ix86+x86_64 0.1.0 4.00 26.00 30.00 OK
r-patched-linux-x86_64 0.1.0 1.74 17.59 19.33 OK
r-patched-solaris-x86 0.1.0 39.30 OK
r-release-linux-x86_64 0.1.0 1.63 17.83 19.46 OK
r-release-macos-x86_64 0.1.0 OK
r-release-windows-ix86+x86_64 0.1.0 5.00 29.00 34.00 OK
r-oldrel-macos-x86_64 0.1.0 OK
r-oldrel-windows-ix86+x86_64 0.1.0 3.00 38.00 41.00 OK

Check Details

Version: 0.1.0
Check: whether package can be installed
Result: ERROR
    Installation failed.
Flavor: r-devel-linux-x86_64-debian-gcc