CRAN Package Check Results for Package amen

Last updated on 2020-09-19 03:49:37 CEST.

Flavor Version Tinstall Tcheck Ttotal Status Flags
r-devel-linux-x86_64-debian-clang 1.3 6.13 42.57 48.70 OK --no-vignettes
r-devel-linux-x86_64-debian-gcc 1.3 5.18 31.97 37.15 OK --no-vignettes
r-devel-linux-x86_64-fedora-clang 1.3 72.60 OK --no-vignettes
r-devel-linux-x86_64-fedora-gcc 1.3 61.88 OK --no-vignettes
r-devel-windows-ix86+x86_64 1.3 12.00 46.00 58.00 OK --no-vignettes
r-patched-linux-x86_64 1.3 5.69 41.99 47.68 OK --no-vignettes
r-patched-solaris-x86 1.3 80.40 OK --no-vignettes
r-release-linux-x86_64 1.3 6.25 41.98 48.23 OK --no-vignettes
r-release-macos-x86_64 1.3 FAIL
r-release-windows-ix86+x86_64 1.3 12.00 45.00 57.00 OK --no-vignettes
r-oldrel-macos-x86_64 1.3 FAIL
r-oldrel-windows-ix86+x86_64 1.3 7.00 59.00 66.00 OK --no-vignettes

Check Details

Version: 1.3
Check: re-building of vignette outputs
Result: WARN
    Error(s) in re-building vignettes:
     ...
    --- re-building ‘amen.Rnw’ using knitr
    Loading required package: network
    network: Classes for Relational Data
    Version 1.16.0 created on 2019-11-30.
    copyright (c) 2005, Carter T. Butts, University of California-Irvine
     Mark S. Handcock, University of California -- Los Angeles
     David R. Hunter, Penn State University
     Martina Morris, University of Washington
     Skye Bender-deMoll, University of Washington
     For citation information, type citation("network").
     Type help("network-package") to get started.
    
    
    Execution halted
Flavor: r-release-macos-x86_64

Version: 1.3
Check: PDF version of manual
Result: FAIL
Flavors: r-release-macos-x86_64, r-oldrel-macos-x86_64

Version: 1.3
Check: re-building of vignette outputs
Result: WARN
    Error(s) in re-building vignettes:
     ...
    --- re-building ‘amen.Rnw’ using knitr
    Loading required package: network
    network: Classes for Relational Data
    Version 1.15 created on 2019-04-01.
    copyright (c) 2005, Carter T. Butts, University of California-Irvine
     Mark S. Handcock, University of California -- Los Angeles
     David R. Hunter, Penn State University
     Martina Morris, University of Washington
     Skye Bender-deMoll, University of Washington
     For citation information, type citation("network").
     Type help("network-package") to get started.
    
    
    Execution halted
Flavor: r-oldrel-macos-x86_64