CRAN Package Check Results for Package ameco

Last updated on 2020-09-22 03:49:13 CEST.

Flavor Version Tinstall Tcheck Ttotal Status Flags
r-devel-linux-x86_64-debian-clang 0.2.9 24.73 62.55 87.28 OK
r-devel-linux-x86_64-debian-gcc 0.2.9 0.55 2.00 2.55 ERROR
r-devel-linux-x86_64-fedora-clang 0.2.9 124.51 NOTE
r-devel-linux-x86_64-fedora-gcc 0.2.9 113.89 OK
r-devel-windows-ix86+x86_64 0.2.9 42.00 72.00 114.00 NOTE
r-patched-linux-x86_64 0.2.9 24.21 60.24 84.45 OK
r-patched-solaris-x86 0.2.9 211.90 NOTE
r-release-linux-x86_64 0.2.9 23.23 62.17 85.40 OK
r-release-macos-x86_64 0.2.9 NOTE
r-release-windows-ix86+x86_64 0.2.9 44.00 86.00 130.00 NOTE
r-oldrel-macos-x86_64 0.2.9 NOTE
r-oldrel-windows-ix86+x86_64 0.2.9 30.00 78.00 108.00 NOTE

Check Details

Version: 0.2.9
Check: whether package can be installed
Result: ERROR
    Installation failed.
Flavor: r-devel-linux-x86_64-debian-gcc

Version: 0.2.9
Check: installed package size
Result: NOTE
     installed size is 15.8Mb
     sub-directories of 1Mb or more:
     data 15.6Mb
Flavors: r-devel-linux-x86_64-fedora-clang, r-devel-windows-ix86+x86_64, r-patched-solaris-x86, r-release-macos-x86_64, r-release-windows-ix86+x86_64, r-oldrel-macos-x86_64, r-oldrel-windows-ix86+x86_64