CRAN Package Check Results for Package amapGeocode

Last updated on 2022-08-10 15:51:18 CEST.

Flavor Version Tinstall Tcheck Ttotal Status Flags
r-devel-linux-x86_64-debian-clang 0.6.0 2.23 31.66 33.89 OK
r-devel-linux-x86_64-debian-gcc 0.6.0 2.08 24.49 26.57 OK
r-devel-linux-x86_64-fedora-clang 0.6.0 54.72 NOTE
r-devel-linux-x86_64-fedora-gcc 0.6.0 51.36 NOTE
r-devel-windows-x86_64 0.6.0 19.00 69.00 88.00 OK
r-patched-linux-x86_64 0.6.0 3.13 30.04 33.17 OK
r-release-linux-x86_64 0.6.0 OK
r-release-macos-arm64 0.6.0 19.00 NOTE
r-release-macos-x86_64 0.6.0 25.00 NOTE
r-release-windows-x86_64 0.6.0 24.00 67.00 91.00 OK
r-oldrel-macos-arm64 0.6.0 26.00 NOTE
r-oldrel-macos-x86_64 0.6.0 35.00 NOTE
r-oldrel-windows-ix86+x86_64 0.6.0 7.00 51.00 58.00 OK

Check Details

Version: 0.6.0
Check: dependencies in R code
Result: NOTE
    Namespace in Imports field not imported from: ‘jsonlite’
     All declared Imports should be used.
Flavors: r-devel-linux-x86_64-fedora-clang, r-devel-linux-x86_64-fedora-gcc, r-release-macos-arm64, r-release-macos-x86_64, r-oldrel-macos-arm64, r-oldrel-macos-x86_64