CRAN Package Check Results for Package altair

Last updated on 2020-09-23 16:38:34 CEST.

Flavor Version Tinstall Tcheck Ttotal Status Flags
r-devel-linux-x86_64-debian-clang 4.0.1 6.12 72.55 78.67 OK
r-devel-linux-x86_64-debian-gcc 4.0.1 5.40 54.52 59.92 OK
r-devel-linux-x86_64-fedora-clang 4.0.1 104.25 OK
r-devel-linux-x86_64-fedora-gcc 4.0.1 89.87 OK
r-devel-windows-ix86+x86_64 4.0.1 19.00 96.00 115.00 OK
r-patched-linux-x86_64 4.0.1 6.61 66.30 72.91 OK
r-patched-solaris-x86 4.0.1 135.80 NOTE
r-release-linux-x86_64 4.0.1 6.56 67.17 73.73 OK
r-release-macos-x86_64 4.0.1 OK
r-release-windows-ix86+x86_64 4.0.1 18.00 96.00 114.00 OK
r-oldrel-macos-x86_64 4.0.1 OK
r-oldrel-windows-ix86+x86_64 4.0.1 10.00 74.00 84.00 OK

Check Details

Version: 4.0.1
Check: package dependencies
Result: NOTE
    Package suggested but not available for checking: ‘rsvg’
Flavor: r-patched-solaris-x86