CRAN Package Check Results for Package alr4

Last updated on 2020-09-22 03:49:13 CEST.

Flavor Version Tinstall Tcheck Ttotal Status Flags
r-devel-linux-x86_64-debian-clang 1.0.6 12.67 100.30 112.97 OK
r-devel-linux-x86_64-debian-gcc 1.0.6 0.52 2.56 3.08 ERROR
r-devel-linux-x86_64-fedora-clang 1.0.6 151.27 OK
r-devel-linux-x86_64-fedora-gcc 1.0.6 142.99 OK
r-devel-windows-ix86+x86_64 1.0.6 33.00 121.00 154.00 OK
r-patched-linux-x86_64 1.0.6 12.50 94.77 107.27 OK
r-patched-solaris-x86 1.0.6 200.40 OK
r-release-linux-x86_64 1.0.6 12.15 97.01 109.16 OK
r-release-macos-x86_64 1.0.6 OK
r-release-windows-ix86+x86_64 1.0.6 31.00 122.00 153.00 OK
r-oldrel-macos-x86_64 1.0.6 OK
r-oldrel-windows-ix86+x86_64 1.0.6 18.00 133.00 151.00 OK

Check Details

Version: 1.0.6
Check: whether package can be installed
Result: ERROR
    Installation failed.
Flavor: r-devel-linux-x86_64-debian-gcc