CRAN Package Check Results for Package alphabetr

Last updated on 2020-09-23 16:38:34 CEST.

Flavor Version Tinstall Tcheck Ttotal Status Flags
r-devel-linux-x86_64-debian-clang 0.2.2 50.42 155.55 205.97 OK
r-devel-linux-x86_64-debian-gcc 0.2.2 33.34 121.16 154.50 OK
r-devel-linux-x86_64-fedora-clang 0.2.2 270.97 NOTE
r-devel-linux-x86_64-fedora-gcc 0.2.2 266.00 NOTE
r-devel-windows-ix86+x86_64 0.2.2 110.00 281.00 391.00 OK
r-patched-linux-x86_64 0.2.2 36.77 167.98 204.75 OK
r-patched-solaris-x86 0.2.2 514.40 OK
r-release-linux-x86_64 0.2.2 37.00 164.91 201.91 OK
r-release-macos-x86_64 0.2.2 OK
r-release-windows-ix86+x86_64 0.2.2 115.00 291.00 406.00 OK
r-oldrel-macos-x86_64 0.2.2 OK
r-oldrel-windows-ix86+x86_64 0.2.2 75.00 242.00 317.00 OK

Check Details

Version: 0.2.2
Check: compiled code
Result: NOTE
    File ‘alphabetr/libs/alphabetr.so’:
     Found no calls to: ‘R_registerRoutines’, ‘R_useDynamicSymbols’
    
    It is good practice to register native routines and to disable symbol
    search.
    
    See ‘Writing portable packages’ in the ‘Writing R Extensions’ manual.
Flavors: r-devel-linux-x86_64-fedora-clang, r-devel-linux-x86_64-fedora-gcc