CRAN Package Check Results for Package alfred

Last updated on 2020-09-22 03:49:13 CEST.

Flavor Version Tinstall Tcheck Ttotal Status Flags
r-devel-linux-x86_64-debian-clang 0.1.8 5.62 51.53 57.15 OK
r-devel-linux-x86_64-debian-gcc 0.1.8 0.28 2.05 2.33 ERROR
r-devel-linux-x86_64-fedora-clang 0.1.8 78.85 OK
r-devel-linux-x86_64-fedora-gcc 0.1.8 68.61 OK
r-devel-windows-ix86+x86_64 0.1.8 16.00 67.00 83.00 OK
r-patched-linux-x86_64 0.1.8 4.82 49.82 54.64 OK
r-patched-solaris-x86 0.1.8 89.30 OK
r-release-linux-x86_64 0.1.8 5.37 50.61 55.98 OK
r-release-macos-x86_64 0.1.8 OK
r-release-windows-ix86+x86_64 0.1.8 13.00 80.00 93.00 OK
r-oldrel-macos-x86_64 0.1.8 OK
r-oldrel-windows-ix86+x86_64 0.1.8 8.00 51.00 59.00 OK

Check Details

Version: 0.1.8
Check: whether package can be installed
Result: ERROR
    Installation failed.
Flavor: r-devel-linux-x86_64-debian-gcc