CRAN Package Check Results for Package akima

Last updated on 2020-10-28 15:49:05 CET.

Flavor Version Tinstall Tcheck Ttotal Status Flags
r-devel-linux-x86_64-debian-clang 0.6-2.1 11.69 36.89 48.58 OK
r-devel-linux-x86_64-debian-gcc 0.6-2.1 9.22 28.82 38.04 OK
r-devel-linux-x86_64-fedora-clang 0.6-2.1 68.89 NOTE
r-devel-linux-x86_64-fedora-gcc 0.6-2.1 59.84 OK
r-devel-windows-ix86+x86_64 0.6-2.1 34.00 67.00 101.00 OK
r-patched-linux-x86_64 0.6-2.1 OK
r-patched-solaris-x86 0.6-2.1 78.30 OK
r-release-linux-x86_64 0.6-2.1 10.58 35.10 45.68 OK
r-release-macos-x86_64 0.6-2.1 OK
r-release-windows-ix86+x86_64 0.6-2.1 25.00 53.00 78.00 OK
r-oldrel-macos-x86_64 0.6-2.1 OK
r-oldrel-windows-ix86+x86_64 0.6-2.1 53.00 63.00 116.00 OK

Check Details

Version: 0.6-2.1
Check: Rd cross-references
Result: NOTE
    Undeclared package ‘tripack’ in Rd xrefs
Flavor: r-devel-linux-x86_64-fedora-clang