CRAN Package Check Results for Package ajv

Last updated on 2020-10-26 03:48:17 CET.

Flavor Version Tinstall Tcheck Ttotal Status Flags
r-devel-linux-x86_64-debian-clang 1.0.0 2.31 30.07 32.38 OK
r-devel-linux-x86_64-debian-gcc 1.0.0 0.28 2.01 2.29 ERROR
r-devel-linux-x86_64-fedora-clang 1.0.0 49.10 OK
r-devel-linux-x86_64-fedora-gcc 1.0.0 39.93 OK
r-devel-windows-ix86+x86_64 1.0.0 8.00 60.00 68.00 OK
r-patched-linux-x86_64 1.0.0 2.38 28.68 31.06 OK
r-patched-solaris-x86 1.0.0 61.00 OK
r-release-linux-x86_64 1.0.0 2.78 28.84 31.62 OK
r-release-macos-x86_64 1.0.0 OK
r-release-windows-ix86+x86_64 1.0.0 8.00 43.00 51.00 OK
r-oldrel-macos-x86_64 1.0.0 OK
r-oldrel-windows-ix86+x86_64 1.0.0 8.00 61.00 69.00 OK

Check Details

Version: 1.0.0
Check: package dependencies
Result: ERROR
    Package required but not available: ‘V8’
    
    See section ‘The DESCRIPTION file’ in the ‘Writing R Extensions’
    manual.
Flavor: r-devel-linux-x86_64-debian-gcc