CRAN Package Check Results for Package airt

Last updated on 2020-09-22 03:49:13 CEST.

Flavor Version Tinstall Tcheck Ttotal Status Flags
r-devel-linux-x86_64-debian-clang 0.1.0 7.55 106.48 114.03 OK
r-devel-linux-x86_64-debian-gcc 0.1.0 0.31 2.09 2.40 ERROR
r-devel-linux-x86_64-fedora-clang 0.1.0 148.41 OK
r-devel-linux-x86_64-fedora-gcc 0.1.0 140.93 OK
r-devel-windows-ix86+x86_64 0.1.0 23.00 116.00 139.00 OK
r-patched-linux-x86_64 0.1.0 8.84 104.73 113.57 OK
r-patched-solaris-x86 0.1.0 204.60 OK
r-release-linux-x86_64 0.1.0 7.77 105.97 113.74 OK
r-release-macos-x86_64 0.1.0 OK
r-release-windows-ix86+x86_64 0.1.0 21.00 138.00 159.00 OK
r-oldrel-macos-x86_64 0.1.0 OK
r-oldrel-windows-ix86+x86_64 0.1.0 12.00 115.00 127.00 OK

Check Details

Version: 0.1.0
Check: whether package can be installed
Result: ERROR
    Installation failed.
Flavor: r-devel-linux-x86_64-debian-gcc