CRAN Package Check Results for Package airportr

Last updated on 2020-09-22 16:02:22 CEST.

Flavor Version Tinstall Tcheck Ttotal Status Flags
r-devel-linux-x86_64-debian-clang 0.1.3 4.55 39.72 44.27 OK
r-devel-linux-x86_64-debian-gcc 0.1.3 3.83 32.07 35.90 OK
r-devel-linux-x86_64-fedora-clang 0.1.3 64.92 NOTE
r-devel-linux-x86_64-fedora-gcc 0.1.3 53.57 NOTE
r-devel-windows-ix86+x86_64 0.1.3 10.00 50.00 60.00 OK
r-patched-linux-x86_64 0.1.3 4.61 38.90 43.51 OK
r-patched-solaris-x86 0.1.3 80.70 NOTE
r-release-linux-x86_64 0.1.3 4.74 38.86 43.60 OK
r-release-macos-x86_64 0.1.3 NOTE
r-release-windows-ix86+x86_64 0.1.3 10.00 61.00 71.00 OK
r-oldrel-macos-x86_64 0.1.3 NOTE
r-oldrel-windows-ix86+x86_64 0.1.3 6.00 49.00 55.00 OK

Check Details

Version: 0.1.3
Check: data for non-ASCII characters
Result: NOTE
     Note: found 710 marked UTF-8 strings
Flavors: r-devel-linux-x86_64-fedora-clang, r-devel-linux-x86_64-fedora-gcc, r-patched-solaris-x86, r-release-macos-x86_64, r-oldrel-macos-x86_64