Last updated on 2021-01-18 15:49:53 CET.
Flavor | Version | Tinstall | Tcheck | Ttotal | Status | Flags |
---|---|---|---|---|---|---|
r-devel-linux-x86_64-debian-clang | 0.8.2 | 8.29 | 70.73 | 79.02 | OK | |
r-devel-linux-x86_64-debian-gcc | 0.8.2 | 6.73 | 53.08 | 59.81 | OK | |
r-devel-linux-x86_64-fedora-clang | 0.8.2 | 102.79 | NOTE | |||
r-devel-linux-x86_64-fedora-gcc | 0.8.2 | 92.25 | NOTE | |||
r-devel-windows-ix86+x86_64 | 0.8.2 | 15.00 | 70.00 | 85.00 | OK | |
r-patched-linux-x86_64 | 0.8.2 | 8.85 | 65.70 | 74.55 | OK | |
r-patched-solaris-x86 | 0.8.2 | 122.70 | NOTE | |||
r-release-linux-x86_64 | 0.8.2 | 8.57 | 65.17 | 73.74 | OK | |
r-release-macos-x86_64 | 0.8.2 | NOTE | ||||
r-release-windows-ix86+x86_64 | 0.8.2 | 16.00 | 66.00 | 82.00 | OK | |
r-oldrel-macos-x86_64 | 0.8.2 | NOTE | ||||
r-oldrel-windows-ix86+x86_64 | 0.8.2 | 16.00 | 64.00 | 80.00 | OK |
Version: 0.8.2
Check: data for non-ASCII characters
Result: NOTE
Note: found 53 marked UTF-8 strings
Flavors: r-devel-linux-x86_64-fedora-clang, r-devel-linux-x86_64-fedora-gcc, r-patched-solaris-x86, r-release-macos-x86_64, r-oldrel-macos-x86_64
Version: 0.8.2
Check: package dependencies
Result: NOTE
Package suggested but not available for checking: ‘ggseas’
Flavor: r-oldrel-macos-x86_64