Last updated on 2022-06-27 15:53:37 CEST.
Flavor | Version | Tinstall | Tcheck | Ttotal | Status | Flags |
---|---|---|---|---|---|---|
r-devel-linux-x86_64-debian-clang | 0.8.2 | 10.03 | 82.70 | 92.73 | OK | |
r-devel-linux-x86_64-debian-gcc | 0.8.2 | 7.65 | 60.16 | 67.81 | OK | |
r-devel-linux-x86_64-fedora-clang | 0.8.2 | 116.93 | NOTE | |||
r-devel-linux-x86_64-fedora-gcc | 0.8.2 | 114.12 | NOTE | |||
r-devel-windows-x86_64 | 0.8.2 | 40.00 | 106.00 | 146.00 | OK | |
r-patched-linux-x86_64 | 0.8.2 | 8.23 | 76.89 | 85.12 | OK | |
r-release-linux-x86_64 | 0.8.2 | 9.10 | 77.08 | 86.18 | OK | |
r-release-macos-arm64 | 0.8.2 | 34.00 | NOTE | |||
r-release-macos-x86_64 | 0.8.2 | 63.00 | NOTE | |||
r-release-windows-x86_64 | 0.8.2 | 43.00 | 102.00 | 145.00 | OK | |
r-oldrel-macos-arm64 | 0.8.2 | 43.00 | NOTE | |||
r-oldrel-macos-x86_64 | 0.8.2 | 56.00 | NOTE | |||
r-oldrel-windows-ix86+x86_64 | 0.8.2 | 22.00 | 99.00 | 121.00 | OK |
Version: 0.8.2
Check: data for non-ASCII characters
Result: NOTE
Note: found 53 marked UTF-8 strings
Flavors: r-devel-linux-x86_64-fedora-clang, r-devel-linux-x86_64-fedora-gcc, r-release-macos-arm64, r-release-macos-x86_64, r-oldrel-macos-arm64, r-oldrel-macos-x86_64