CRAN Package Check Results for Package airGRteaching

Last updated on 2021-09-27 03:48:19 CEST.

Flavor Version Tinstall Tcheck Ttotal Status Flags
r-devel-linux-x86_64-debian-clang 0.2.12 6.35 61.07 67.42 OK
r-devel-linux-x86_64-debian-gcc 0.2.12 4.98 46.45 51.43 OK
r-devel-linux-x86_64-fedora-clang 0.2.12 88.42 OK
r-devel-linux-x86_64-fedora-gcc 0.2.12 78.17 OK
r-devel-windows-x86_64 0.2.12 9.00 71.00 80.00 OK
r-devel-windows-x86_64-gcc10-UCRT 0.2.12 OK
r-patched-linux-x86_64 0.2.12 6.38 58.66 65.04 OK
r-patched-solaris-x86 0.2.12 119.70 NOTE
r-release-linux-x86_64 0.2.12 6.56 59.27 65.83 OK
r-release-macos-arm64 0.2.12 OK
r-release-macos-x86_64 0.2.12 ERROR
r-release-windows-ix86+x86_64 0.2.12 14.00 85.00 99.00 OK
r-oldrel-macos-x86_64 0.2.12 ERROR
r-oldrel-windows-ix86+x86_64 0.2.12 11.00 63.00 74.00 OK

Check Details

Version: 0.2.12
Check: installed package size
Result: NOTE
     installed size is 5.4Mb
     sub-directories of 1Mb or more:
     ShinyGR 4.6Mb
Flavor: r-patched-solaris-x86

Version: 0.2.12
Check: tests
Result: ERROR
     Running ‘testthat.R’ [1s/1s]
    Running the tests in ‘tests/testthat.R’ failed.
    Last 13 lines of output:
     ══ Failed tests ════════════════════════════════════════════════════════════════
     ── Error (test-SimGR.R:28:3): NA on the total period ───────────────────────────
     Error: Non convenient date for the warm-up period "WupPer"
     Backtrace:
     █
     1. ├─testthat::expect_warning(...) test-SimGR.R:28:2
     2. │ └─testthat:::quasi_capture(enquo(object), label, capture_warnings)
     3. │ ├─testthat:::.capture(...)
     4. │ │ └─base::withCallingHandlers(...)
     5. │ └─rlang::eval_bare(quo_get_expr(.quo), quo_get_env(.quo))
     6. └─airGRteaching::SimGR(...)
    
     [ FAIL 1 | WARN 0 | SKIP 0 | PASS 1 ]
     Error: Test failures
     Execution halted
Flavors: r-release-macos-x86_64, r-oldrel-macos-x86_64