Last updated on 2023-02-01 15:51:14 CET.
Flavor | Version | Tinstall | Tcheck | Ttotal | Status | Flags |
---|---|---|---|---|---|---|
r-devel-linux-x86_64-debian-clang | 0.3.1 | 7.70 | 182.60 | 190.30 | OK | |
r-devel-linux-x86_64-debian-gcc | 0.3.1 | 6.22 | 148.18 | 154.40 | OK | |
r-devel-linux-x86_64-fedora-clang | 0.3.1 | 234.89 | NOTE | |||
r-devel-linux-x86_64-fedora-gcc | 0.3.1 | 254.78 | OK | |||
r-devel-windows-x86_64 | 0.3.1 | 52.00 | 274.00 | 326.00 | NOTE | |
r-patched-linux-x86_64 | 0.3.1 | 8.59 | 169.95 | 178.54 | OK | |
r-release-linux-x86_64 | 0.3.1 | 6.35 | 159.02 | 165.37 | OK | |
r-release-macos-arm64 | 0.3.1 | 88.00 | NOTE | |||
r-release-macos-x86_64 | 0.3.1 | 127.00 | NOTE | |||
r-release-windows-x86_64 | 0.3.1 | 83.00 | 256.00 | 339.00 | NOTE | |
r-oldrel-macos-arm64 | 0.3.1 | 90.00 | NOTE | |||
r-oldrel-macos-x86_64 | 0.3.1 | 115.00 | NOTE | |||
r-oldrel-windows-ix86+x86_64 | 0.3.1 | 16.00 | 226.00 | 242.00 | NOTE |
Version: 0.3.1
Check: installed package size
Result: NOTE
installed size is 6.5Mb
sub-directories of 1Mb or more:
ShinyGR 4.3Mb
doc 2.0Mb
Flavors: r-devel-linux-x86_64-fedora-clang, r-devel-windows-x86_64, r-release-macos-arm64, r-release-macos-x86_64, r-release-windows-x86_64, r-oldrel-macos-arm64, r-oldrel-macos-x86_64, r-oldrel-windows-ix86+x86_64