CRAN Package Check Results for Package aibd

Last updated on 2020-09-18 15:52:40 CEST.

Flavor Version Tinstall Tcheck Ttotal Status Flags
r-devel-linux-x86_64-debian-clang 0.1.8 2.46 44.24 46.70 OK
r-devel-linux-x86_64-debian-gcc 0.1.8 1.92 34.08 36.00 OK
r-devel-linux-x86_64-fedora-clang 0.1.8 66.66 OK
r-devel-linux-x86_64-fedora-gcc 0.1.8 69.18 OK
r-devel-windows-ix86+x86_64 0.1.8 6.00 56.00 62.00 ERROR
r-patched-linux-x86_64 0.1.8 3.03 43.21 46.24 OK
r-release-linux-x86_64 0.1.8 2.64 43.37 46.01 OK
r-release-macos-x86_64 0.1.8 OK
r-release-windows-ix86+x86_64 0.1.8 6.00 55.00 61.00 ERROR
r-oldrel-macos-x86_64 0.1.8 OK
r-oldrel-windows-ix86+x86_64 0.1.8 3.00 61.00 64.00 ERROR

Check Details

Version: 0.1.8
Check: tests
Result: ERROR
     Running 'testthat.R' [20s]
    Running the tests in 'tests/testthat.R' failed.
    Complete output:
     > library(testthat)
     >
     > test_check("aibd")
     Loading required package: aibd
     ************ Starting tests at level 1 (extensive=FALSE). ************
     trying URL 'https://downloads.lightbend.com/scala/2.13.1/scala-2.13.1.tgz'
     Content type 'application/octet-stream' length 19685743 bytes (18.8 MB)
     ==================================================
     downloaded 18.8 MB
    
     -- 1. Error: (unknown) (@test-aibd-pmf.R#10) ----------------------------------
    
    
     <<<<<<<<<<
     <<<<<<<<<<
     <<<<<<<<<<
    
     Scala is not found! Please run 'rscala::scalaConfig(download="scala")'
    
     >>>>>>>>>>
     >>>>>>>>>>
     >>>>>>>>>>
    
     Backtrace:
     1. aibd:::enumerateFeatureAllocations(nItems, maxNFeatures)
     2. s$FA.enumerate(as.integer(nItems[1]), as.integer(maxNFeatures[1]))
     3. rscala:::scalaInvoke(details, snippet, list(...), parent.frame(1))
     4. rscala:::scalaConnect(details)
    
     -- 2. Error: (unknown) (@test-aibd-reduces-to-ibp.R#8) ------------------------
    
    
     <<<<<<<<<<
     <<<<<<<<<<
     <<<<<<<<<<
    
     Scala is not found! Please run 'rscala::scalaConfig(download="scala")'
    
     >>>>>>>>>>
     >>>>>>>>>>
     >>>>>>>>>>
    
     Backtrace:
     1. aibd:::enumerateFeatureAllocations(nItems, maxNFeatures)
     2. s$FA.enumerate(as.integer(nItems[1]), as.integer(maxNFeatures[1]))
     3. rscala:::scalaInvoke(details, snippet, list(...), parent.frame(1))
     4. rscala:::scalaConnect(details)
    
     -- 3. Error: (unknown) (@test-dist-numFeatures.R#16) --------------------------
    
    
     <<<<<<<<<<
     <<<<<<<<<<
     <<<<<<<<<<
    
     Scala is not found! Please run 'rscala::scalaConfig(download="scala")'
    
     >>>>>>>>>>
     >>>>>>>>>>
     >>>>>>>>>>
    
     Backtrace:
     1. aibd:::enumerateFeatureAllocations(nItems, max_F)
     2. s$FA.enumerate(as.integer(nItems[1]), as.integer(maxNFeatures[1]))
     3. rscala:::scalaInvoke(details, snippet, list(...), parent.frame(1))
     4. rscala:::scalaConnect(details)
    
     -- 4. Error: (unknown) (@test-ibp-pmf.R#8) ------------------------------------
    
    
     <<<<<<<<<<
     <<<<<<<<<<
     <<<<<<<<<<
    
     Scala is not found! Please run 'rscala::scalaConfig(download="scala")'
    
     >>>>>>>>>>
     >>>>>>>>>>
     >>>>>>>>>>
    
     Backtrace:
     1. aibd:::enumerateFeatureAllocations(nItems, maxNFeatures)
     2. s$FA.enumerate(as.integer(nItems[1]), as.integer(maxNFeatures[1]))
     3. rscala:::scalaInvoke(details, snippet, list(...), parent.frame(1))
     4. rscala:::scalaConnect(details)
    
     -- 5. Error: (unknown) (@test-lglfm-posterior.R#16) ---------------------------
    
    
     <<<<<<<<<<
     <<<<<<<<<<
     <<<<<<<<<<
    
     Scala is not found! Please run 'rscala::scalaConfig(download="scala")'
    
     >>>>>>>>>>
     >>>>>>>>>>
     >>>>>>>>>>
    
     Backtrace:
     1. aibd:::enumerateFeatureAllocations(nItems, maxNFeatures)
     2. s$FA.enumerate(as.integer(nItems[1]), as.integer(maxNFeatures[1]))
     3. rscala:::scalaInvoke(details, snippet, list(...), parent.frame(1))
     4. rscala:::scalaConnect(details)
    
     == testthat results ===========================================================
     [ OK: 0 | SKIPPED: 12 | WARNINGS: 0 | FAILED: 5 ]
     1. Error: (unknown) (@test-aibd-pmf.R#10)
     2. Error: (unknown) (@test-aibd-reduces-to-ibp.R#8)
     3. Error: (unknown) (@test-dist-numFeatures.R#16)
     4. Error: (unknown) (@test-ibp-pmf.R#8)
     5. Error: (unknown) (@test-lglfm-posterior.R#16)
    
     Error: testthat unit tests failed
     ************ Stopping tests. ************
     Execution halted
Flavor: r-devel-windows-ix86+x86_64

Version: 0.1.8
Check: tests
Result: ERROR
     Running 'testthat.R' [21s]
    Running the tests in 'tests/testthat.R' failed.
    Complete output:
     > library(testthat)
     >
     > test_check("aibd")
     Loading required package: aibd
     ************ Starting tests at level 1 (extensive=FALSE). ************
     trying URL 'https://downloads.lightbend.com/scala/2.13.1/scala-2.13.1.tgz'
     Content type 'application/octet-stream' length 19685743 bytes (18.8 MB)
     ==================================================
     downloaded 18.8 MB
    
     -- 1. Error: (unknown) (@test-aibd-pmf.R#10) ----------------------------------
    
    
     <<<<<<<<<<
     <<<<<<<<<<
     <<<<<<<<<<
    
     Scala is not found! Please run 'rscala::scalaConfig(download="scala")'
    
     >>>>>>>>>>
     >>>>>>>>>>
     >>>>>>>>>>
    
     Backtrace:
     1. aibd:::enumerateFeatureAllocations(nItems, maxNFeatures)
     2. s$FA.enumerate(as.integer(nItems[1]), as.integer(maxNFeatures[1]))
     3. rscala:::scalaInvoke(details, snippet, list(...), parent.frame(1))
     4. rscala:::scalaConnect(details)
    
     -- 2. Error: (unknown) (@test-aibd-reduces-to-ibp.R#8) ------------------------
    
    
     <<<<<<<<<<
     <<<<<<<<<<
     <<<<<<<<<<
    
     Scala is not found! Please run 'rscala::scalaConfig(download="scala")'
    
     >>>>>>>>>>
     >>>>>>>>>>
     >>>>>>>>>>
    
     Backtrace:
     1. aibd:::enumerateFeatureAllocations(nItems, maxNFeatures)
     2. s$FA.enumerate(as.integer(nItems[1]), as.integer(maxNFeatures[1]))
     3. rscala:::scalaInvoke(details, snippet, list(...), parent.frame(1))
     4. rscala:::scalaConnect(details)
    
     -- 3. Error: (unknown) (@test-dist-numFeatures.R#16) --------------------------
    
    
     <<<<<<<<<<
     <<<<<<<<<<
     <<<<<<<<<<
    
     Scala is not found! Please run 'rscala::scalaConfig(download="scala")'
    
     >>>>>>>>>>
     >>>>>>>>>>
     >>>>>>>>>>
    
     Backtrace:
     1. aibd:::enumerateFeatureAllocations(nItems, max_F)
     2. s$FA.enumerate(as.integer(nItems[1]), as.integer(maxNFeatures[1]))
     3. rscala:::scalaInvoke(details, snippet, list(...), parent.frame(1))
     4. rscala:::scalaConnect(details)
    
     -- 4. Error: (unknown) (@test-ibp-pmf.R#8) ------------------------------------
    
    
     <<<<<<<<<<
     <<<<<<<<<<
     <<<<<<<<<<
    
     Scala is not found! Please run 'rscala::scalaConfig(download="scala")'
    
     >>>>>>>>>>
     >>>>>>>>>>
     >>>>>>>>>>
    
     Backtrace:
     1. aibd:::enumerateFeatureAllocations(nItems, maxNFeatures)
     2. s$FA.enumerate(as.integer(nItems[1]), as.integer(maxNFeatures[1]))
     3. rscala:::scalaInvoke(details, snippet, list(...), parent.frame(1))
     4. rscala:::scalaConnect(details)
    
     -- 5. Error: (unknown) (@test-lglfm-posterior.R#16) ---------------------------
    
    
     <<<<<<<<<<
     <<<<<<<<<<
     <<<<<<<<<<
    
     Scala is not found! Please run 'rscala::scalaConfig(download="scala")'
    
     >>>>>>>>>>
     >>>>>>>>>>
     >>>>>>>>>>
    
     Backtrace:
     1. aibd:::enumerateFeatureAllocations(nItems, maxNFeatures)
     2. s$FA.enumerate(as.integer(nItems[1]), as.integer(maxNFeatures[1]))
     3. rscala:::scalaInvoke(details, snippet, list(...), parent.frame(1))
     4. rscala:::scalaConnect(details)
    
     == testthat results ===========================================================
     [ OK: 0 | SKIPPED: 12 | WARNINGS: 0 | FAILED: 5 ]
     1. Error: (unknown) (@test-aibd-pmf.R#10)
     2. Error: (unknown) (@test-aibd-reduces-to-ibp.R#8)
     3. Error: (unknown) (@test-dist-numFeatures.R#16)
     4. Error: (unknown) (@test-ibp-pmf.R#8)
     5. Error: (unknown) (@test-lglfm-posterior.R#16)
    
     Error: testthat unit tests failed
     ************ Stopping tests. ************
     Execution halted
Flavor: r-release-windows-ix86+x86_64

Version: 0.1.8
Check: tests
Result: ERROR
     Running 'testthat.R' [22s]
    Running the tests in 'tests/testthat.R' failed.
    Complete output:
     > library(testthat)
     >
     > test_check("aibd")
     Loading required package: aibd
     ************ Starting tests at level 1 (extensive=FALSE). ************
     trying URL 'https://downloads.lightbend.com/scala/2.13.1/scala-2.13.1.tgz'
     Content type 'application/octet-stream' length 19685743 bytes (18.8 MB)
     ==================================================
     downloaded 18.8 MB
    
     -- 1. Error: (unknown) (@test-aibd-pmf.R#10) ----------------------------------
    
    
     <<<<<<<<<<
     <<<<<<<<<<
     <<<<<<<<<<
    
     Scala is not found! Please run 'rscala::scalaConfig(download="scala")'
    
     >>>>>>>>>>
     >>>>>>>>>>
     >>>>>>>>>>
    
     Backtrace:
     1. aibd:::enumerateFeatureAllocations(nItems, maxNFeatures)
     2. s$FA.enumerate(as.integer(nItems[1]), as.integer(maxNFeatures[1]))
     3. rscala:::scalaInvoke(details, snippet, list(...), parent.frame(1))
     4. rscala:::scalaConnect(details)
    
     -- 2. Error: (unknown) (@test-aibd-reduces-to-ibp.R#8) ------------------------
    
    
     <<<<<<<<<<
     <<<<<<<<<<
     <<<<<<<<<<
    
     Scala is not found! Please run 'rscala::scalaConfig(download="scala")'
    
     >>>>>>>>>>
     >>>>>>>>>>
     >>>>>>>>>>
    
     Backtrace:
     1. aibd:::enumerateFeatureAllocations(nItems, maxNFeatures)
     2. s$FA.enumerate(as.integer(nItems[1]), as.integer(maxNFeatures[1]))
     3. rscala:::scalaInvoke(details, snippet, list(...), parent.frame(1))
     4. rscala:::scalaConnect(details)
    
     -- 3. Error: (unknown) (@test-dist-numFeatures.R#16) --------------------------
    
    
     <<<<<<<<<<
     <<<<<<<<<<
     <<<<<<<<<<
    
     Scala is not found! Please run 'rscala::scalaConfig(download="scala")'
    
     >>>>>>>>>>
     >>>>>>>>>>
     >>>>>>>>>>
    
     Backtrace:
     1. aibd:::enumerateFeatureAllocations(nItems, max_F)
     2. s$FA.enumerate(as.integer(nItems[1]), as.integer(maxNFeatures[1]))
     3. rscala:::scalaInvoke(details, snippet, list(...), parent.frame(1))
     4. rscala:::scalaConnect(details)
    
     -- 4. Error: (unknown) (@test-ibp-pmf.R#8) ------------------------------------
    
    
     <<<<<<<<<<
     <<<<<<<<<<
     <<<<<<<<<<
    
     Scala is not found! Please run 'rscala::scalaConfig(download="scala")'
    
     >>>>>>>>>>
     >>>>>>>>>>
     >>>>>>>>>>
    
     Backtrace:
     1. aibd:::enumerateFeatureAllocations(nItems, maxNFeatures)
     2. s$FA.enumerate(as.integer(nItems[1]), as.integer(maxNFeatures[1]))
     3. rscala:::scalaInvoke(details, snippet, list(...), parent.frame(1))
     4. rscala:::scalaConnect(details)
    
     -- 5. Error: (unknown) (@test-lglfm-posterior.R#16) ---------------------------
    
    
     <<<<<<<<<<
     <<<<<<<<<<
     <<<<<<<<<<
    
     Scala is not found! Please run 'rscala::scalaConfig(download="scala")'
    
     >>>>>>>>>>
     >>>>>>>>>>
     >>>>>>>>>>
    
     Backtrace:
     1. aibd:::enumerateFeatureAllocations(nItems, maxNFeatures)
     2. s$FA.enumerate(as.integer(nItems[1]), as.integer(maxNFeatures[1]))
     3. rscala:::scalaInvoke(details, snippet, list(...), parent.frame(1))
     4. rscala:::scalaConnect(details)
    
     == testthat results ===========================================================
     [ OK: 0 | SKIPPED: 12 | WARNINGS: 0 | FAILED: 5 ]
     1. Error: (unknown) (@test-aibd-pmf.R#10)
     2. Error: (unknown) (@test-aibd-reduces-to-ibp.R#8)
     3. Error: (unknown) (@test-dist-numFeatures.R#16)
     4. Error: (unknown) (@test-ibp-pmf.R#8)
     5. Error: (unknown) (@test-lglfm-posterior.R#16)
    
     Error: testthat unit tests failed
     ************ Stopping tests. ************
     Execution halted
Flavor: r-oldrel-windows-ix86+x86_64