CRAN Package Check Results for Package ahpsurvey

Last updated on 2020-09-23 16:38:34 CEST.

Flavor Version Tinstall Tcheck Ttotal Status Flags
r-devel-linux-x86_64-debian-clang 0.4.1 5.23 94.92 100.15 OK
r-devel-linux-x86_64-debian-gcc 0.4.1 4.13 68.69 72.82 OK
r-devel-linux-x86_64-fedora-clang 0.4.1 129.96 NOTE
r-devel-linux-x86_64-fedora-gcc 0.4.1 115.94 NOTE
r-devel-windows-ix86+x86_64 0.4.1 11.00 121.00 132.00 OK
r-patched-linux-x86_64 0.4.1 4.88 89.84 94.72 OK
r-patched-solaris-x86 0.4.1 143.70 NOTE
r-release-linux-x86_64 0.4.1 4.57 89.28 93.85 OK
r-release-macos-x86_64 0.4.1 NOTE
r-release-windows-ix86+x86_64 0.4.1 23.00 128.00 151.00 OK
r-oldrel-macos-x86_64 0.4.1 NOTE
r-oldrel-windows-ix86+x86_64 0.4.1 6.00 103.00 109.00 OK

Check Details

Version: 0.4.1
Check: dependencies in R code
Result: NOTE
    Namespaces in Imports field not imported from:
     ‘knitr’ ‘randomNames’ ‘tidyr’
     All declared Imports should be used.
Flavors: r-devel-linux-x86_64-fedora-clang, r-devel-linux-x86_64-fedora-gcc, r-patched-solaris-x86, r-release-macos-x86_64, r-oldrel-macos-x86_64